{"id":214,"date":"2023-03-17T16:43:13","date_gmt":"2023-03-17T13:43:13","guid":{"rendered":"https:\/\/arpdestek.com\/?page_id=214"},"modified":"2025-01-20T14:16:53","modified_gmt":"2025-01-20T11:16:53","slug":"yurt-disi-ve-yurt-ici-fuar-destekleri","status":"publish","type":"page","link":"https:\/\/arpdestek.com\/index.php\/yurt-disi-ve-yurt-ici-fuar-destekleri\/","title":{"rendered":"Yurt D\u0131\u015f\u0131 ve Yurt \u0130\u00e7i Fuar Destekleri"},"content":{"rendered":"\t\t<div data-elementor-type=\"wp-page\" data-elementor-id=\"214\" class=\"elementor elementor-214\">\n\t\t\t\t\t\t\t\t\t<section class=\"elementor-section elementor-top-section elementor-element elementor-element-9256534 elementor-section-height-min-height elementor-section-boxed elementor-section-height-default elementor-section-items-middle\" data-id=\"9256534\" data-element_type=\"section\">\n\t\t\t\t\t\t<div class=\"elementor-container elementor-column-gap-default\">\n\t\t\t\t\t<div class=\"elementor-column elementor-col-100 elementor-top-column elementor-element elementor-element-9219bd9\" data-id=\"9219bd9\" data-element_type=\"column\">\n\t\t\t<div class=\"elementor-widget-wrap elementor-element-populated\">\n\t\t\t\t\t\t\t\t<div class=\"elementor-element elementor-element-b7e4136 elementor-widget elementor-widget-heading\" data-id=\"b7e4136\" data-element_type=\"widget\" data-widget_type=\"heading.default\">\n\t\t\t\t<div class=\"elementor-widget-container\">\n\t\t\t<style>\/*! elementor - v3.11.5 - 14-03-2023 *\/\n.elementor-heading-title{padding:0;margin:0;line-height:1}.elementor-widget-heading .elementor-heading-title[class*=elementor-size-]>a{color:inherit;font-size:inherit;line-height:inherit}.elementor-widget-heading .elementor-heading-title.elementor-size-small{font-size:15px}.elementor-widget-heading .elementor-heading-title.elementor-size-medium{font-size:19px}.elementor-widget-heading .elementor-heading-title.elementor-size-large{font-size:29px}.elementor-widget-heading .elementor-heading-title.elementor-size-xl{font-size:39px}.elementor-widget-heading .elementor-heading-title.elementor-size-xxl{font-size:59px}<\/style><h2 class=\"elementor-heading-title elementor-size-default\">Yurt D\u0131\u015f\u0131 ve Yurt \u0130\u00e7i Fuar Destekleri<\/h2>\t\t<\/div>\n\t\t\t\t<\/div>\n\t\t\t\t\t<\/div>\n\t\t<\/div>\n\t\t\t\t\t\t\t<\/div>\n\t\t<\/section>\n\t\t\t\t<section class=\"elementor-section elementor-top-section elementor-element elementor-element-625df12 elementor-section-boxed elementor-section-height-default elementor-section-height-default\" data-id=\"625df12\" data-element_type=\"section\">\n\t\t\t\t\t\t<div class=\"elementor-container elementor-column-gap-default\">\n\t\t\t\t\t<div class=\"elementor-column elementor-col-100 elementor-top-column elementor-element elementor-element-213a314\" data-id=\"213a314\" data-element_type=\"column\">\n\t\t\t<div class=\"elementor-widget-wrap elementor-element-populated\">\n\t\t\t\t\t\t\t\t<div class=\"elementor-element elementor-element-6de75c5 elementor-widget elementor-widget-text-editor\" data-id=\"6de75c5\" data-element_type=\"widget\" data-widget_type=\"text-editor.default\">\n\t\t\t\t<div class=\"elementor-widget-container\">\n\t\t\t<style>\/*! elementor - v3.11.5 - 14-03-2023 *\/\n.elementor-widget-text-editor.elementor-drop-cap-view-stacked .elementor-drop-cap{background-color:#818a91;color:#fff}.elementor-widget-text-editor.elementor-drop-cap-view-framed .elementor-drop-cap{color:#818a91;border:3px solid;background-color:transparent}.elementor-widget-text-editor:not(.elementor-drop-cap-view-default) .elementor-drop-cap{margin-top:8px}.elementor-widget-text-editor:not(.elementor-drop-cap-view-default) .elementor-drop-cap-letter{width:1em;height:1em}.elementor-widget-text-editor .elementor-drop-cap{float:left;text-align:center;line-height:1;font-size:50px}.elementor-widget-text-editor .elementor-drop-cap-letter{display:inline-block}<\/style>\t\t\t\t<h4><strong>MAL \u0130HRACATI KAPSAMINDA YURT DI\u015eI VE YURT \u0130\u00c7\u0130 FUAR DESTEKLER\u0130NDEN K\u0130MLER FAYDALANAB\u0130L\u0130R? <\/strong><\/h4><p>\u00a0 \u00a0 \u00a0 \u00a0 \u00a0 18.08.2022 tarihli <strong>5973<\/strong> say\u0131l\u0131 \u0130hracat Destekleri Hakk\u0131nda Cumhurba\u015fkanl\u0131\u011f\u0131 Karar\u0131\u2019na g\u00f6re, yurt d\u0131\u015f\u0131 ve yurt i\u00e7i fuar desteklerinden,<\/p><ul><li>\u015eirketler\u00a0<\/li><li>Pazaryerleri<\/li><li>Perakende e-ticaret siteleri<\/li><li>\u0130\u015fbirli\u011fi kurulu\u015flar\u0131 yararlanabilir.\u00a0<\/li><\/ul><p>\u00a0<\/p><h5><strong>\u00a0 \u00a0 \u00a0 \u00a0 \u00a0 5973 SAYILI CUMHURBA\u015eKANLI\u011eI KARARI\u2019NA G\u00d6RE YURT DI\u015eI VE YURT \u0130\u00c7\u0130 FUAR DESTEKLER\u0130 NELERD\u0130R?<\/strong><\/h5><p><strong>\u00a0 \u00a0 \u00a0 \u00a0 \u00a0 1)YURT DI\u015eI FUAR DESTE\u011e\u0130<\/strong><\/p><p>\u00a0 \u00a0 \u00a0 \u00a0 \u00a0 5973 say\u0131l\u0131 Cumhurba\u015fkanl\u0131\u011f\u0131 Karar\u0131\u2019n\u0131n 7. maddesi kapsam\u0131nda,<\/p><ul><li>Yurt d\u0131\u015f\u0131 fuar kat\u0131l\u0131mc\u0131s\u0131n\u0131n stant alan\u0131n\u0131n metrekare cinsinden b\u00fcy\u00fckl\u00fc\u011f\u00fc dikkate al\u0131narak destek tutar\u0131 belirlenir.<\/li><li>Firmalar\u00a0<strong>ayn\u0131 fuar kat\u0131l\u0131m\u0131 i\u00e7in azami 10 kez<\/strong>destekten faydalanabilir.\u00a0<\/li><li>\u201c<u>Yurt D\u0131\u015f\u0131nda Ger\u00e7ekle\u015ftirilen Fuar Kat\u0131l\u0131mlar\u0131n\u0131n Desteklenmesine \u0130li\u015fkin 2017\/4 Say\u0131l\u0131 Karar kapsam\u0131nda<\/u>yurt d\u0131\u015f\u0131 fuar kat\u0131l\u0131mc\u0131lar\u0131na sa\u011flanan destekler azami faydalanma say\u0131s\u0131n\u0131n belirlenmesinde de\u011ferlendirmeye al\u0131nmayacakt\u0131r.<\/li><li>Milli ve bireysel kat\u0131l\u0131mlarda\u00a0<strong>bir takvim y\u0131l\u0131 i\u00e7inde<\/strong>desteklenebilecek fuar say\u0131s\u0131\u00a0<strong>en fazla 5<\/strong>\u00a0olarak belirlenmi\u015ftir.<\/li><li><strong>Genelgede nitelikleri belirtilecek olan yurt d\u0131\u015f\u0131 fuar kat\u0131l\u0131mc\u0131lar\u0131 i\u00e7in\u00a0<\/strong>kat\u0131l\u0131m say\u0131s\u0131\u00a0<strong>azami 10 fuar<\/strong>olacakt\u0131r.<\/li><li>Yurt d\u0131\u015f\u0131 fuar kat\u0131l\u0131mc\u0131lar\u0131 bir takvim y\u0131l\u0131 i\u00e7erisinde en fazla 2 fuar i\u00e7in yurt d\u0131\u015f\u0131 prestijli fuar deste\u011finden faydalanabilir.<\/li><\/ul><p>\u00a0<\/p><h6><strong>\u00a0 \u00a0 \u00a0 \u00a0 \u00a0 2)YURT \u0130\u00c7\u0130 FUAR DESTE\u011e\u0130<\/strong><\/h6><p>\u00a0 \u00a0 \u00a0 \u00a0 \u00a0 5973 say\u0131l\u0131 Cumhurba\u015fkanl\u0131\u011f\u0131 Karar\u0131\u2019n\u0131n 8. maddesi kapsam\u0131nda, firmalar bir takvim y\u0131l\u0131 i\u00e7inde ba\u015flayan\u00a0<strong>azami 3 fuar i\u00e7in<\/strong>\u00a0destekten faydalanabilecektir.<\/p><p>\u00a0 \u00a0 \u00a0 \u00a0 \u00a0 \u0130lk kez d\u00fczenlenecek fuarlar destek kapsam\u0131nda bulunmamaktad\u0131r.<\/p><p>\u00a0 \u00a0 \u00a0 \u00a0 \u00a0 Kat\u0131l\u0131mc\u0131 firmalara, <u>yer kiras\u0131 ve stant masraflar\u0131<\/u> i\u00e7in \u00f6denen fatura bedeli i\u00e7in destek verilir.<\/p><p>\u00a0 \u00a0 \u00a0 \u00a0 \u00a0 Yurt i\u00e7i fuar organizat\u00f6rlerinin yurt d\u0131\u015f\u0131nda ger\u00e7ekle\u015ftirdikleri tan\u0131t\u0131m projelerine Ticaret Bakanl\u0131\u011f\u0131 taraf\u0131ndan \u00f6n izin verilmesi halinde tan\u0131t\u0131m giderleri desteklenir.<\/p><p><strong>\u00a0 \u00a0 \u00a0 \u00a0 \u00a0 <\/strong><\/p><p><strong>\u00a0 \u00a0 \u00a0 \u00a0 \u00a0 \u0130\u015eB\u0130RL\u0130\u011e\u0130 KURULU\u015eLARINA Y\u00d6NEL\u0130K FUAR DESTEKLER\u0130 NELERD\u0130R?<\/strong><\/p><p>\u00a0 \u00a0 \u00a0 \u00a0 \u00a0 \u0130\u015fbirli\u011fi kurulu\u015flar\u0131,<\/p><ul><li>Ticaret Bakanl\u0131\u011f\u0131 taraf\u0131ndan belirlenen kamu kurum ve kurulu\u015flar\u0131,<\/li><li>Sekt\u00f6rel \u00e7at\u0131 kurulu\u015flar\u0131,<\/li><li>Mal sekt\u00f6rlerindeki di\u011fer kurulu\u015flar,<\/li><li>\u0130hracat konsorsiyumlar\u0131ndan olu\u015fur.<\/li><\/ul><p>\u00a0<\/p><p><strong>\u00a0 \u00a0 \u00a0 \u00a0 \u00a0 Bu kurulu\u015flara y\u00f6nelik fuar destekleri \u015funlard\u0131r: <\/strong><\/p><p><strong>\u00a0 \u00a0 \u00a0 \u00a0 \u00a0 \u0130\u015fbirli\u011fi Kurulu\u015flar\u0131- Sanal Fuara Kat\u0131l\u0131m Deste\u011fi:<\/strong><\/p><p>\u00a0 \u00a0 \u00a0 \u00a0 \u00a0 5973 say\u0131l\u0131 Cumhurba\u015fkanl\u0131\u011f\u0131 Karar\u0131\u2019n\u0131n 22. maddesi kapsam\u0131nda,<\/p><p>\u00a0 \u00a0 \u00a0 \u00a0 \u00a0 Ticaret Bakanl\u0131\u011f\u0131 taraf\u0131ndan uygun g\u00f6r\u00fclen uluslararas\u0131 niteli\u011fi haiz sanal fuara kat\u0131l\u0131mc\u0131lar\u0131n i\u015ftirak etmelerini sa\u011flamak \u00fczere i\u015fbirli\u011fi kurulu\u015funca d\u00fczenlenen <u>sanal fuara kat\u0131l\u0131m organizasyonuna ili\u015fkin giderler<\/u> desteklenir.<\/p><p><strong>\u00a0 \u00a0 \u00a0 \u00a0 \u00a0 <\/strong><\/p><p><strong>\u00a0 \u00a0 \u00a0 \u00a0 \u00a0 \u0130\u015fbirli\u011fi Kurulu\u015flar\u0131- Sanal Fuar Organizasyonu Deste\u011fi: <\/strong><\/p><p>\u00a0 \u00a0 \u00a0 \u00a0 \u00a0 5973 say\u0131l\u0131 Cumhurba\u015fkanl\u0131\u011f\u0131 Karar\u0131\u2019n\u0131n 23. maddesi kapsam\u0131nda,<\/p><p>\u00a0 \u00a0 \u00a0 \u00a0 \u00a0 Ticaret Bakanl\u0131\u011f\u0131 taraf\u0131ndan uygun g\u00f6r\u00fclen i\u015fbirli\u011fi kurulu\u015funca d\u00fczenlenen <u>sanal fuar organizasyonuna dair giderler<\/u> desteklenir.<\/p><p><br \/><br \/><\/p>\t\t\t\t\t\t<\/div>\n\t\t\t\t<\/div>\n\t\t\t\t\t<\/div>\n\t\t<\/div>\n\t\t\t\t\t\t\t<\/div>\n\t\t<\/section>\n\t\t\t\t\t\t\t<\/div>\n\t\t","protected":false},"excerpt":{"rendered":"<p>Yurt D\u0131\u015f\u0131 ve Yurt \u0130\u00e7i Fuar Destekleri MAL \u0130HRACATI KAPSAMINDA YURT DI\u015eI VE YURT \u0130\u00c7\u0130 FUAR DESTEKLER\u0130NDEN K\u0130MLER FAYDALANAB\u0130L\u0130R? \u00a0 \u00a0 \u00a0 \u00a0 \u00a0 18.08.2022 tarihli 5973 say\u0131l\u0131 \u0130hracat Destekleri Hakk\u0131nda Cumhurba\u015fkanl\u0131\u011f\u0131 Karar\u0131\u2019na g\u00f6re, yurt d\u0131\u015f\u0131 ve yurt i\u00e7i fuar desteklerinden, \u015eirketler\u00a0 Pazaryerleri Perakende e-ticaret siteleri \u0130\u015fbirli\u011fi kurulu\u015flar\u0131 yararlanabilir.\u00a0 \u00a0 \u00a0 \u00a0 \u00a0 \u00a0 \u00a0 [&hellip;]<\/p>\n","protected":false},"author":1,"featured_media":0,"parent":0,"menu_order":0,"comment_status":"closed","ping_status":"closed","template":"elementor_header_footer","meta":[],"_links":{"self":[{"href":"https:\/\/arpdestek.com\/index.php\/wp-json\/wp\/v2\/pages\/214"}],"collection":[{"href":"https:\/\/arpdestek.com\/index.php\/wp-json\/wp\/v2\/pages"}],"about":[{"href":"https:\/\/arpdestek.com\/index.php\/wp-json\/wp\/v2\/types\/page"}],"author":[{"embeddable":true,"href":"https:\/\/arpdestek.com\/index.php\/wp-json\/wp\/v2\/users\/1"}],"replies":[{"embeddable":true,"href":"https:\/\/arpdestek.com\/index.php\/wp-json\/wp\/v2\/comments?post=214"}],"version-history":[{"count":16,"href":"https:\/\/arpdestek.com\/index.php\/wp-json\/wp\/v2\/pages\/214\/revisions"}],"predecessor-version":[{"id":929,"href":"https:\/\/arpdestek.com\/index.php\/wp-json\/wp\/v2\/pages\/214\/revisions\/929"}],"wp:attachment":[{"href":"https:\/\/arpdestek.com\/index.php\/wp-json\/wp\/v2\/media?parent=214"}],"curies":[{"name":"wp","href":"https:\/\/api.w.org\/{rel}","templated":true}]}}