{"id":22,"date":"2023-03-17T11:55:55","date_gmt":"2023-03-17T08:55:55","guid":{"rendered":"https:\/\/arpdestek.com\/?page_id=22"},"modified":"2023-03-17T13:47:41","modified_gmt":"2023-03-17T10:47:41","slug":"hakkimizda","status":"publish","type":"page","link":"https:\/\/arpdestek.com\/index.php\/hakkimizda\/","title":{"rendered":"Hakk\u0131m\u0131zda"},"content":{"rendered":"\t\t<div data-elementor-type=\"wp-page\" data-elementor-id=\"22\" class=\"elementor elementor-22\">\n\t\t\t\t\t\t\t\t\t<section class=\"elementor-section elementor-top-section elementor-element elementor-element-916027a elementor-section-height-min-height elementor-section-boxed elementor-section-height-default elementor-section-items-middle\" data-id=\"916027a\" data-element_type=\"section\">\n\t\t\t\t\t\t<div class=\"elementor-container elementor-column-gap-default\">\n\t\t\t\t\t<div class=\"elementor-column elementor-col-100 elementor-top-column elementor-element elementor-element-87cbd6d\" data-id=\"87cbd6d\" data-element_type=\"column\">\n\t\t\t<div class=\"elementor-widget-wrap elementor-element-populated\">\n\t\t\t\t\t\t\t\t<div class=\"elementor-element elementor-element-064a23a elementor-widget elementor-widget-heading\" data-id=\"064a23a\" data-element_type=\"widget\" data-widget_type=\"heading.default\">\n\t\t\t\t<div class=\"elementor-widget-container\">\n\t\t\t<style>\/*! elementor - v3.11.5 - 14-03-2023 *\/\n.elementor-heading-title{padding:0;margin:0;line-height:1}.elementor-widget-heading .elementor-heading-title[class*=elementor-size-]>a{color:inherit;font-size:inherit;line-height:inherit}.elementor-widget-heading .elementor-heading-title.elementor-size-small{font-size:15px}.elementor-widget-heading .elementor-heading-title.elementor-size-medium{font-size:19px}.elementor-widget-heading .elementor-heading-title.elementor-size-large{font-size:29px}.elementor-widget-heading .elementor-heading-title.elementor-size-xl{font-size:39px}.elementor-widget-heading .elementor-heading-title.elementor-size-xxl{font-size:59px}<\/style><h2 class=\"elementor-heading-title elementor-size-default\">Hakk\u0131m\u0131zda<\/h2>\t\t<\/div>\n\t\t\t\t<\/div>\n\t\t\t\t\t<\/div>\n\t\t<\/div>\n\t\t\t\t\t\t\t<\/div>\n\t\t<\/section>\n\t\t\t\t<section class=\"elementor-section elementor-top-section elementor-element elementor-element-e26a536 elementor-section-boxed elementor-section-height-default elementor-section-height-default\" data-id=\"e26a536\" data-element_type=\"section\">\n\t\t\t\t\t\t<div class=\"elementor-container elementor-column-gap-default\">\n\t\t\t\t\t<div class=\"elementor-column elementor-col-100 elementor-top-column elementor-element elementor-element-6e67f51\" data-id=\"6e67f51\" data-element_type=\"column\">\n\t\t\t<div class=\"elementor-widget-wrap elementor-element-populated\">\n\t\t\t\t\t\t\t\t<div class=\"elementor-element elementor-element-c5ad421 elementor-widget elementor-widget-text-editor\" data-id=\"c5ad421\" data-element_type=\"widget\" data-widget_type=\"text-editor.default\">\n\t\t\t\t<div class=\"elementor-widget-container\">\n\t\t\t<style>\/*! elementor - v3.11.5 - 14-03-2023 *\/\n.elementor-widget-text-editor.elementor-drop-cap-view-stacked .elementor-drop-cap{background-color:#818a91;color:#fff}.elementor-widget-text-editor.elementor-drop-cap-view-framed .elementor-drop-cap{color:#818a91;border:3px solid;background-color:transparent}.elementor-widget-text-editor:not(.elementor-drop-cap-view-default) .elementor-drop-cap{margin-top:8px}.elementor-widget-text-editor:not(.elementor-drop-cap-view-default) .elementor-drop-cap-letter{width:1em;height:1em}.elementor-widget-text-editor .elementor-drop-cap{float:left;text-align:center;line-height:1;font-size:50px}.elementor-widget-text-editor .elementor-drop-cap-letter{display:inline-block}<\/style>\t\t\t\t<p>\u00a0 \u00a0 \u00a0 \u00a0 \u00a0 ARP Destek Dan\u0131\u015fmanl\u0131k A.\u015e., kamu sekt\u00f6r\u00fcnde uzman, denet\u00e7i ve y\u00f6netici pozisyonlar\u0131nda 30 y\u0131ldan fazla s\u00fcreyle g\u00f6rev icra eden bir ekibin bilgi, tecr\u00fcbe ve birikimlerini \u00f6zel sekt\u00f6rdeki ki\u015fi, kurum ve kurulu\u015flara aktarmak \u00fczere yola \u00e7\u0131kmas\u0131yla kurulmu\u015ftur.<\/p><p>\u00a0 \u00a0 \u00a0 \u00a0 \u00a0 Ekibimizde, ihtiya\u00e7 duyan i\u015fletmelerin her t\u00fcrl\u00fc dan\u0131\u015fmanl\u0131k taleplerine en uygun ve nitelikli \u00e7\u00f6z\u00fcmleri alternatifleriyle sunan g\u00f6n\u00fcll\u00fc dan\u0131\u015fmanlar\u0131m\u0131z da yer almaktad\u0131r.<\/p><p>\u00a0 \u00a0 \u00a0 \u00a0 \u00a0 Faaliyet alan\u0131m\u0131z ihracat ve d\u0131\u015f ticaret destekleri, yat\u0131r\u0131m ve te\u015fvik destekleri, ulusal ve uluslararas\u0131 d\u00fczeyde te\u015fkilatl\u0131 kurum ve kurulu\u015flar\u0131n giri\u015fimcilere sa\u011flad\u0131\u011f\u0131 hibe, destek, kredi, yard\u0131m v.b. imk\u00e2n ve kaynaklardan faydalanma hususunda dan\u0131\u015fmanl\u0131k hizmeti vermektir.<\/p><p>\u00a0 \u00a0 \u00a0 \u00a0 \u00a0 B\u00fct\u00fcn hizmetlerimizde temel prensibimiz bilgi, birikim ve uzmanl\u0131\u011fa dayal\u0131 g\u00fcven ve hedef\/sonu\u00e7 odakl\u0131 titiz bir \u00e7al\u0131\u015fma s\u00fcrecinin y\u00fcr\u00fct\u00fclerek istenen sonucun al\u0131nmas\u0131d\u0131r. Bu prensip do\u011frultusunda birinci \u00f6nceli\u011fimiz, i\u015f ve i\u015flem s\u00fcre\u00e7lerinde \u015feffafl\u0131k ve payda\u015flar\u0131m\u0131z\u0131n g\u00fcvenini en y\u00fcksek seviyede muhafaza etmektir.<\/p>\t\t\t\t\t\t<\/div>\n\t\t\t\t<\/div>\n\t\t\t\t\t<\/div>\n\t\t<\/div>\n\t\t\t\t\t\t\t<\/div>\n\t\t<\/section>\n\t\t\t\t\t\t\t<\/div>\n\t\t","protected":false},"excerpt":{"rendered":"<p>Hakk\u0131m\u0131zda \u00a0 \u00a0 \u00a0 \u00a0 \u00a0 ARP Destek Dan\u0131\u015fmanl\u0131k A.\u015e., kamu sekt\u00f6r\u00fcnde uzman, denet\u00e7i ve y\u00f6netici pozisyonlar\u0131nda 30 y\u0131ldan fazla s\u00fcreyle g\u00f6rev icra eden bir ekibin bilgi, tecr\u00fcbe ve birikimlerini \u00f6zel sekt\u00f6rdeki ki\u015fi, kurum ve kurulu\u015flara aktarmak \u00fczere yola \u00e7\u0131kmas\u0131yla kurulmu\u015ftur. \u00a0 \u00a0 \u00a0 \u00a0 \u00a0 Ekibimizde, ihtiya\u00e7 duyan i\u015fletmelerin her t\u00fcrl\u00fc dan\u0131\u015fmanl\u0131k taleplerine en [&hellip;]<\/p>\n","protected":false},"author":1,"featured_media":0,"parent":0,"menu_order":0,"comment_status":"closed","ping_status":"closed","template":"elementor_header_footer","meta":[],"_links":{"self":[{"href":"https:\/\/arpdestek.com\/index.php\/wp-json\/wp\/v2\/pages\/22"}],"collection":[{"href":"https:\/\/arpdestek.com\/index.php\/wp-json\/wp\/v2\/pages"}],"about":[{"href":"https:\/\/arpdestek.com\/index.php\/wp-json\/wp\/v2\/types\/page"}],"author":[{"embeddable":true,"href":"https:\/\/arpdestek.com\/index.php\/wp-json\/wp\/v2\/users\/1"}],"replies":[{"embeddable":true,"href":"https:\/\/arpdestek.com\/index.php\/wp-json\/wp\/v2\/comments?post=22"}],"version-history":[{"count":4,"href":"https:\/\/arpdestek.com\/index.php\/wp-json\/wp\/v2\/pages\/22\/revisions"}],"predecessor-version":[{"id":104,"href":"https:\/\/arpdestek.com\/index.php\/wp-json\/wp\/v2\/pages\/22\/revisions\/104"}],"wp:attachment":[{"href":"https:\/\/arpdestek.com\/index.php\/wp-json\/wp\/v2\/media?parent=22"}],"curies":[{"name":"wp","href":"https:\/\/api.w.org\/{rel}","templated":true}]}}