{"id":262,"date":"2023-03-18T00:40:07","date_gmt":"2023-03-17T21:40:07","guid":{"rendered":"https:\/\/arpdestek.com\/?page_id=262"},"modified":"2025-01-20T14:52:57","modified_gmt":"2025-01-20T11:52:57","slug":"bilisim-sektoru-ve-e-turquality","status":"publish","type":"page","link":"https:\/\/arpdestek.com\/index.php\/bilisim-sektoru-ve-e-turquality\/","title":{"rendered":"Bili\u015fim Sekt\u00f6r\u00fc ve E Turquality"},"content":{"rendered":"\t\t<div data-elementor-type=\"wp-page\" data-elementor-id=\"262\" class=\"elementor elementor-262\">\n\t\t\t\t\t\t\t\t\t<section class=\"elementor-section elementor-top-section elementor-element elementor-element-81d4c11 elementor-section-height-min-height elementor-section-boxed elementor-section-height-default elementor-section-items-middle\" data-id=\"81d4c11\" data-element_type=\"section\">\n\t\t\t\t\t\t<div class=\"elementor-container elementor-column-gap-default\">\n\t\t\t\t\t<div class=\"elementor-column elementor-col-100 elementor-top-column elementor-element elementor-element-e85f38e\" data-id=\"e85f38e\" data-element_type=\"column\">\n\t\t\t<div class=\"elementor-widget-wrap elementor-element-populated\">\n\t\t\t\t\t\t\t\t<div class=\"elementor-element elementor-element-65f70e1 elementor-widget elementor-widget-heading\" data-id=\"65f70e1\" data-element_type=\"widget\" data-widget_type=\"heading.default\">\n\t\t\t\t<div class=\"elementor-widget-container\">\n\t\t\t<style>\/*! elementor - v3.11.5 - 14-03-2023 *\/\n.elementor-heading-title{padding:0;margin:0;line-height:1}.elementor-widget-heading .elementor-heading-title[class*=elementor-size-]>a{color:inherit;font-size:inherit;line-height:inherit}.elementor-widget-heading .elementor-heading-title.elementor-size-small{font-size:15px}.elementor-widget-heading .elementor-heading-title.elementor-size-medium{font-size:19px}.elementor-widget-heading .elementor-heading-title.elementor-size-large{font-size:29px}.elementor-widget-heading .elementor-heading-title.elementor-size-xl{font-size:39px}.elementor-widget-heading .elementor-heading-title.elementor-size-xxl{font-size:59px}<\/style><h1 class=\"elementor-heading-title elementor-size-default\">Bili\u015fim Sekt\u00f6r\u00fc ve E Turquality<\/h1>\t\t<\/div>\n\t\t\t\t<\/div>\n\t\t\t\t\t<\/div>\n\t\t<\/div>\n\t\t\t\t\t\t\t<\/div>\n\t\t<\/section>\n\t\t\t\t<section class=\"elementor-section elementor-top-section elementor-element elementor-element-0f434b0 elementor-section-boxed elementor-section-height-default elementor-section-height-default\" data-id=\"0f434b0\" data-element_type=\"section\">\n\t\t\t\t\t\t<div class=\"elementor-container elementor-column-gap-default\">\n\t\t\t\t\t<div class=\"elementor-column elementor-col-100 elementor-top-column elementor-element elementor-element-7776303\" data-id=\"7776303\" data-element_type=\"column\">\n\t\t\t<div class=\"elementor-widget-wrap elementor-element-populated\">\n\t\t\t\t\t\t\t\t<div class=\"elementor-element elementor-element-1e04cef elementor-widget elementor-widget-text-editor\" data-id=\"1e04cef\" data-element_type=\"widget\" data-widget_type=\"text-editor.default\">\n\t\t\t\t<div class=\"elementor-widget-container\">\n\t\t\t<style>\/*! elementor - v3.11.5 - 14-03-2023 *\/\n.elementor-widget-text-editor.elementor-drop-cap-view-stacked .elementor-drop-cap{background-color:#818a91;color:#fff}.elementor-widget-text-editor.elementor-drop-cap-view-framed .elementor-drop-cap{color:#818a91;border:3px solid;background-color:transparent}.elementor-widget-text-editor:not(.elementor-drop-cap-view-default) .elementor-drop-cap{margin-top:8px}.elementor-widget-text-editor:not(.elementor-drop-cap-view-default) .elementor-drop-cap-letter{width:1em;height:1em}.elementor-widget-text-editor .elementor-drop-cap{float:left;text-align:center;line-height:1;font-size:50px}.elementor-widget-text-editor .elementor-drop-cap-letter{display:inline-block}<\/style>\t\t\t\t<p>\u00a0<\/p><h3><strong>\u00a0 \u00a0 \u00a0T\u0130CARET BAKANLI\u011eI B\u0130L\u0130\u015e\u0130M SEKT\u00d6R\u00dc \u0130HRACAT DESTEKLER\u0130<\/strong><\/h3><p><strong>\u00a0<\/strong><\/p><h5><strong>\u00a0 \u00a0 \u00a0 \u00a0B\u0130L\u0130\u015e\u0130M SEKT\u00d6R\u00dcNE Y\u00d6NEL\u0130K \u0130HRACAT DESTEKLER\u0130 NE \u015eEK\u0130LDE D\u00dcZENLENM\u0130\u015eT\u0130R? <\/strong><\/h5><p>\u00a0 \u00a0 \u00a0 \u00a0 \u00a020\/04\/2022 tarihli ve 5447 say\u0131l\u0131 T\u00fcrkiye Bili\u015fim Sekt\u00f6r\u00fcn\u00fcn Uluslararas\u0131la\u015fmas\u0131 ve E-Turquality (Bili\u015fim Y\u0131ld\u0131zlar\u0131) Program\u0131 Hakk\u0131nda Karar\u2019la, \u00fclkemizin bili\u015fim ve alt sekt\u00f6rlerinin geli\u015ftirilmesi, inovasyonun te\u015fvik edilmesi ve uluslararas\u0131 pazarlarda rekabet edebilecek b\u00f6lgesel ve k\u00fcresel unicornlar\u0131n olu\u015fturulmas\u0131na y\u00f6nelik olarak E-Turquality (Bili\u015fim Y\u0131ld\u0131zlar\u0131) Program\u0131 ba\u015flat\u0131lm\u0131\u015ft\u0131r.\u00a0\u00a0<\/p><p>\u00a0<\/p><h5><strong>\u00a0 \u00a0 \u00a0 \u00a0DESTEK KAPSAMINDA HANG\u0130 H\u0130ZMETLER VARDIR? <\/strong><\/h5><p>\u00a0 \u00a0 \u00a0 \u00a0 \u00a05447 say\u0131l\u0131 karar kapsam\u0131nda, T\u00fcrkiye\u2019de yerle\u015fik bili\u015fim ve alt sekt\u00f6rlerinde yer alan;<\/p><ul><li>Yaz\u0131l\u0131m,<\/li><li>G\u00f6m\u00fcl\u00fc yaz\u0131l\u0131m,<\/li><li>Dijital oyun,<\/li><li>E-spor,<\/li><li>Finansal yaz\u0131l\u0131m ve teknolojiler,<\/li><li>Blok zincir yaz\u0131l\u0131m ve teknolojiler,<\/li><li>Yapay zek\u00e2,<\/li><li>B\u00fcy\u00fck veri,<\/li><li>Siber g\u00fcvenlik,<\/li><li>Ak\u0131ll\u0131 \u015fehir ile ye\u015fil d\u00f6n\u00fc\u015f\u00fcm yaz\u0131l\u0131m ve hizmetleri,<\/li><li>Telekom\u00fcnikasyon,<\/li><li>5G,<\/li><li>Bulut ve ileti\u015fim hizmetleri,<\/li><li>Veri merkezi,<\/li><li>Bili\u015fim hizmetleri,<\/li><li>\u00a0Sistem bak\u0131m ve destek hizmetleri,<\/li><li>Dijital arac\u0131l\u0131k ve hizmet platformlar\u0131 ve<\/li><li>\u0130li\u015fkili sekt\u00f6rleri vard\u0131r.<\/li><\/ul><h2>\u00a0<\/h2><h5><strong>\u00a0 \u00a0 \u00a0 \u00a0 B\u0130L\u0130\u015e\u0130M SEKT\u00d6R\u00dc DESTEKLER\u0130NDEN K\u0130MLER FAYDALANAB\u0130L\u0130R?<\/strong><\/h5><ul><li>\u015eirketler,<\/li><li>Kurumlar ve<\/li><li>\u0130\u015fbirli\u011fi kurulu\u015flar\u0131 yararlanabilir. \u00a0<\/li><\/ul><p>\u00a0<\/p><h5><strong>\u00a0 \u00a0 \u00a0 \u00a0 B\u0130L\u0130\u015e\u0130M SEKT\u00d6R\u00dc DESTEKLER\u0130NDEN YARARLANMANIN \u00d6N \u015eARTLARI NELERD\u0130R?<\/strong><\/h5><p>\u00a0 \u00a0 \u00a0 \u00a0 \u00a0Desteklerden yararlanacak olan \u015firket ve i\u015fbirli\u011fi kurulu\u015flar\u0131n\u0131n;<\/p><ul><li>Ticaret Bakanl\u0131\u011f\u0131 Destek Y\u00f6netim Sistemine \u0130li\u015fkin Uygulama Tebli\u011fi kapsam\u0131nda Destek Y\u00f6netim Sistemi\u2019ne (DYS) kaydolmalar\u0131 zorunludur.<\/li><li>\u015eirketlerin, tan\u0131mlama i\u015flemlerinin yap\u0131labilmesine y\u00f6nelik olarak yapacaklar\u0131 ba\u015fvurudan \u00f6nce MERS\u0130S kay\u0131tlar\u0131n\u0131 g\u00fcncellemeleri ve faaliyet g\u00f6sterdikleri sekt\u00f6r (NACE) bilgisini do\u011fru ve eksiksiz olarak belirtmeleri gerekir.<\/li><li>\u015eirketler, ibraz ettikleri ticaret sicili, imza sirk\u00fcleri, yurt d\u0131\u015f\u0131 ortakl\u0131k oran\u0131 bilgileri ile di\u011fer bilgi ve belgelerin g\u00fcncel tutulmas\u0131ndan sorumludur. De\u011fi\u015fiklikleri Hizmet \u0130hracat\u00e7\u0131lar\u0131 Birli\u011fi\u2019ne bildirmekle y\u00fck\u00fcml\u00fcd\u00fcr.<\/li><li>Desteklerden yararlanmak i\u00e7in daha \u00f6nce ihracat yapm\u0131\u015f olma zorunlulu\u011fu yoktur.<\/li><li>Desteklerden yararlanan\/yararlanacak \u015firketler,<\/li><\/ul><p><strong>\u00a0 \u00a0 \u00a0 \u00a0 \u00a0a)<\/strong> \u015eirket Bilgi Formu ve Destek Taahh\u00fctnamesini (EK-\u015eirket Bilgi Formu),<\/p><p><strong>\u00a0 \u00a0 \u00a0 \u00a0 \u00a0b)<\/strong> Finansal Bilgi Formunu (EK-Finansal Bilgi Formu),<\/p><p><strong>\u00a0 \u00a0 \u00a0 \u00a0 \u00a0c) <\/strong>Yurt d\u0131\u015f\u0131 ortakl\u0131k yap\u0131s\u0131n\u0131 g\u00f6sterir belgelerini (deste\u011fe konu faaliyetlerde) her takvim y\u0131l\u0131nda en az 1 defa KEP \u00fczerinden Hizmet \u0130hracat\u00e7\u0131lar\u0131 Birli\u011fi\u2019ne iletir.<\/p><p>\u00a0<\/p><h5><strong>\u00a0 \u00a0 \u00a0 \u00a0 B\u0130L\u0130\u015e\u0130M SEKT\u00d6R\u00dcNDE, \u00dcLKELERE\/FAAL\u0130YET T\u00dcR\u00dcNE G\u00d6RE \u0130LAVE DESTEK \u0130MK\u00c2NI VAR MIDIR? <\/strong><\/h5><p>\u00a0 \u00a0 \u00a0 \u00a0 \u00a0Bili\u015fim sekt\u00f6r\u00fcndeki ticari faaliyetler;<\/p><p><strong>\u00a0 \u00a0 \u00a0 \u00a0 \u00a0a)<\/strong> Tekno-H\u0131zland\u0131r\u0131c\u0131 \u0130hracat Proje deste\u011fi,<\/p><p><strong>\u00a0 \u00a0 \u00a0 \u00a0 \u00a0b)<\/strong> Yurt d\u0131\u015f\u0131 \u00fcr\u00fcn\/hizmet\/marka\/patent\/fikri m\u00fclkiyet hakk\u0131 tescil, koruma ve al\u0131m destekleri,<\/p><p><strong>\u00a0 \u00a0 \u00a0 \u00a0 \u00a0c)<\/strong> Belgelendirme destekleri,<\/p><p><strong>\u00a0 \u00a0 \u00a0 \u00a0 \u00a0\u00e7)<\/strong> Hizmet pazarlamaya y\u00f6nelik e-ticaret site ve platformlara bireysel \u00fcyelik deste\u011fi,<\/p><p><strong>\u00a0 \u00a0 \u00a0 \u00a0 \u00a0d)<\/strong> Reklam, tan\u0131t\u0131m ve pazarlama destekleri,<\/p><p><strong>\u00a0 \u00a0 \u00a0 \u00a0 \u00a0e)<\/strong> Komisyon destekleri,<\/p><p><strong>\u00a0 \u00a0 \u00a0 \u00a0 \u00a0f)<\/strong> Yurt d\u0131\u015f\u0131 birim deste\u011fi,<\/p><p><strong>\u00a0 \u00a0 \u00a0 \u00a0 \u00a0g)<\/strong> Y\u0131ld\u0131z Teknoloji Ofisleri deste\u011fi,<\/p><p><strong>\u00a0 \u00a0 \u00a0 \u00a0 \u00a0\u011f)<\/strong> Yurt d\u0131\u015f\u0131 fuar\/kongre\/konferans\/seminerlere bireysel kat\u0131l\u0131m destekleri,<\/p><p><strong>\u00a0 \u00a0 \u00a0 \u00a0 \u00a0h)<\/strong> Yurt d\u0131\u015f\u0131 ihale deste\u011fi,<\/p><p>\u00a0 \u00a0 \u00a0 \u00a0 \u00a0Ba\u015fl\u0131klar\u0131 alt\u0131nda ve Ticaret Bakanl\u0131\u011f\u0131\u2019nca y\u00fcr\u00fct\u00fclen stratejiler kapsam\u0131nda EK-Hedef\/Uzak \u00dclkeler Listesinde yer alan \u00fclkelere y\u00f6nelik ger\u00e7ekle\u015ftirilmesi halinde destek oran\u0131 10 baz puan art\u0131r\u0131l\u0131r.<\/p><p><strong>\u00a0 \u00a0 \u00a0 \u00a0 \u00a0Kararda yer alan; <\/strong><\/p><p><strong>\u00a0 \u00a0 \u00a0 \u00a0 \u00a0a)<\/strong> Sekt\u00f6rel ticaret heyeti deste\u011fi,<\/p><p><strong>\u00a0 \u00a0 \u00a0 \u00a0 \u00a0b)<\/strong> H\u0130SER yurt d\u0131\u015f\u0131 pazarlama faaliyeti,<\/p><p><strong>\u00a0 \u00a0 \u00a0 \u00a0 \u00a0c)<\/strong> Yurt d\u0131\u015f\u0131 fuar\/kongre\/konferans\/seminer milli kat\u0131l\u0131m destekleri,<\/p><p><strong>\u00a0 \u00a0 \u00a0 \u00a0 \u00a0\u00e7)<\/strong> Yurt d\u0131\u015f\u0131 Y\u00fcksek Katma De\u011ferli Bili\u015fim Y\u00fcklenici Proje deste\u011fi<\/p><p>\u00a0 \u00a0 \u00a0 \u00a0 \u00a0Kapsam\u0131nda ger\u00e7ekle\u015fen faaliyetlerin EK-Hedef\/Uzak \u00dclkeler Listesinde yer alan \u00fclkelere y\u00f6nelik olarak ger\u00e7ekle\u015ftirilmesi durumunda, destek oran\u0131 <strong>20 baz puan<\/strong> art\u0131r\u0131l\u0131r.<\/p><p>\u00a0 \u00a0 \u00a0 \u00a0 \u00a0Destek uygulama oran\u0131 toplam\u0131 %80\u2019i ge\u00e7emez.<\/p><p>\u00a0<\/p><h5><strong>\u00a0 \u00a0 \u00a0 \u00a0 \u00a0B\u0130L\u0130\u015e\u0130M SEKT\u00d6R\u00dc DESTEKLER\u0130 HANG\u0130 ANA BA\u015eLIKLAR ALTINDA TOPLANMI\u015eTIR? <\/strong><\/h5><ul><li>\u0130hracata haz\u0131rl\u0131k ve kurumsal kapasite olu\u015fturma a\u015famas\u0131 destekleri<\/li><li>Yurt d\u0131\u015f\u0131na y\u00f6nelik pazarlama ve pazarda tutundurma a\u015famas\u0131 destekleri<\/li><li>E-Turquality (Bili\u015fim Y\u0131ld\u0131zlar\u0131) Program\u0131<\/li><\/ul><p>\u00a0<\/p><h5><strong>\u00a0 \u00a0 \u00a0 \u00a0 \u00a0E-TURQUALITY (B\u0130L\u0130\u015e\u0130M\u0130N YILDIZLARI) PROGRAMI<\/strong><\/h5><p><strong>\u00a0 \u00a0 \u00a0 \u00a0 \u00a0A) E-TURQUALITY (B\u0130L\u0130\u015e\u0130M YILDIZLARI) PROGRAMI\u2019NIN AMACI NED\u0130R?<\/strong><\/p><p>\u00a0 \u00a0 \u00a0 \u00a0 \u00a0Bu program, \u00fclkemizin bili\u015fim ve alt sekt\u00f6rlerinin geli\u015ftirilmesi, inovasyonun te\u015fvik edilmesi ve uluslararas\u0131 pazarlarda rekabet edebilecek b\u00f6lgesel ve k\u00fcresel unicornlar\u0131n olu\u015fturulmas\u0131na y\u00f6nelik olarak y\u00fcr\u00fct\u00fcl\u00fcr.<\/p><p>\u00a0 \u00a0 \u00a0 \u00a0 \u00a0Program kapsam\u0131na al\u0131nan \u015firketlere, E-Turquality (Bili\u015fimin Y\u0131ld\u0131zlar\u0131) sertifikas\u0131 verilir ve \u015firketler E-Turquality (Bili\u015fimin Y\u0131ld\u0131zlar\u0131) logosunu kullanma hakk\u0131 kazan\u0131r.<\/p><p>\u00a0<\/p><p><strong>\u00a0 \u00a0 \u00a0 \u00a0 \u00a0B) E-TURQUALITY (B\u0130L\u0130\u015e\u0130M YILDIZLARI) DESTEK S\u00dcRES\u0130 NE KADAR?<\/strong><\/p><p>\u00a0 \u00a0 \u00a0 \u00a0 \u00a0Program kapsam\u0131ndaki \u015firketler 5 y\u0131l s\u00fcre ile desteklenir.<\/p><p>\u00a0 \u00a0 \u00a0 \u00a0 \u00a0\u00dclkemiz hizmet ticareti politikalar\u0131 \u00e7er\u00e7evesinde \u015firketin Ticaret Bakanl\u0131\u011f\u0131 Genelgesi\u2019nde belirtilen performans kriterlerini kar\u015f\u0131lamas\u0131 halinde destek s\u00fcresi 5 y\u0131l uzat\u0131labilir.<\/p><p>\u00a0<\/p><p><strong>\u00a0 \u00a0 \u00a0 \u00a0 \u00a0C) E-TURQUALITY (B\u0130L\u0130\u015e\u0130M YILDIZLARI PROGRAMI KAPSAMINDA VER\u0130LEN DESTEKLER NELERD\u0130R?<\/strong><\/p><p>\u00a0 \u00a0 \u00a0 \u00a0 \u00a0Stratejik \u0130\u015f Plan\u0131 Deste\u011fi<\/p><p>\u00a0 \u00a0 \u00a0 \u00a0 \u00a0Yurt D\u0131\u015f\u0131 \u00dcr\u00fcn\/Hizmet\/Marka\/Patent\/Fikri M\u00fclkiyet Hakk\u0131 Tescil-Koruma Ve Al\u0131m Deste\u011fi<\/p><p>\u00a0 \u00a0 \u00a0 \u00a0 \u00a0Yaz\u0131l\u0131m, Mobil Uygulama, Dijital Oyun, Platform Geli\u015ftirme Deste\u011fi<\/p><p>\u00a0 \u00a0 \u00a0 \u00a0 \u00a0Kiralama Deste\u011fi<\/p><p>\u00a0 \u00a0 \u00a0 \u00a0 \u00a0Pazara Giri\u015f Deste\u011fi<\/p><p>\u00a0 \u00a0 \u00a0 \u00a0 \u00a0Rapor Ve Veri Analizi Deste\u011fi<\/p><p>\u00a0 \u00a0 \u00a0 \u00a0 \u00a0Belgelendirme Deste\u011fi<\/p><p>\u00a0 \u00a0 \u00a0 \u00a0 \u00a0Yurt D\u0131\u015f\u0131 Arama Ve Test Deste\u011fi<\/p><p>\u00a0 \u00a0 \u00a0 \u00a0 \u00a0Reklam, Tan\u0131t\u0131m Ve Pazarlama Deste\u011fi<\/p><p>\u00a0 \u00a0 \u00a0 \u00a0 \u00a0\u00dcr\u00fcn Yerle\u015ftirme Deste\u011fi<\/p><p>\u00a0 \u00a0 \u00a0 \u00a0 \u00a0Dan\u0131\u015fmanl\u0131k Deste\u011fi<\/p><p>\u00a0 \u00a0 \u00a0 \u00a0 \u00a0Komisyon Deste\u011fi<\/p><p>\u00a0 \u00a0 \u00a0 \u00a0 \u00a0Yurt D\u0131\u015f\u0131 \u0130hale Deste\u011fi<\/p><p>\u00a0 \u00a0 \u00a0 \u00a0 \u00a0Y\u0131ld\u0131z Teknoloji Ofisleri Deste\u011fi<\/p><p>\u00a0 \u00a0 \u00a0 \u00a0 \u00a0Yurt D\u0131\u015f\u0131 Y\u00fcksek Katma De\u011ferli Bili\u015fim Y\u00fcklenici Projesi Deste\u011fi<\/p><p>\u00a0 \u00a0 \u00a0 \u00a0 \u00a0Veri Merkezi Deste\u011fi<\/p><p>\u00a0 \u00a0 \u00a0 \u00a0 \u00a0Yurt D\u0131\u015f\u0131 Fuar\/Kongre\/Konferans\/Seminer Bireysel Kat\u0131l\u0131m Deste\u011fi<\/p><p>\u00a0 \u00a0 \u00a0 \u00a0 \u00a0Yurt D\u0131\u015f\u0131 Fuar\/Kongre\/Konferans\/Seminer Milli Kat\u0131l\u0131m Deste\u011fi<\/p><p>\u00a0 \u00a0 \u00a0 \u00a0 \u00a0Yurt \u0130\u00e7i Fuar\/Kongre\/Konferans\/Seminer Bireysel Kat\u0131l\u0131m Deste\u011fi<\/p><p>\u00a0 \u00a0 \u00a0 \u00a0 \u00a0Yurt D\u0131\u015f\u0131 \u015eirket Ve Yurt D\u0131\u015f\u0131nda Yerle\u015fik \u015eirkete Ait Marka\/Oyun\/Yaz\u0131l\u0131m\/Arac\u0131l\u0131k Platfomu Al\u0131m\u0131na Y\u00f6nelik Dan\u0131\u015fmanl\u0131k Deste\u011fi<\/p><p>\u00a0 \u00a0 \u00a0 \u00a0 \u00a0Kurumsalla\u015ft\u0131r\u0131lma Ve S\u00fcrd\u00fcr\u00fclebilirli\u011fin Sa\u011flanmas\u0131 Faaliyeti Deste\u011fi<\/p><p><br \/><br \/><\/p>\t\t\t\t\t\t<\/div>\n\t\t\t\t<\/div>\n\t\t\t\t\t<\/div>\n\t\t<\/div>\n\t\t\t\t\t\t\t<\/div>\n\t\t<\/section>\n\t\t\t\t\t\t\t<\/div>\n\t\t","protected":false},"excerpt":{"rendered":"<p>Bili\u015fim Sekt\u00f6r\u00fc ve E Turquality \u00a0 \u00a0 \u00a0 \u00a0T\u0130CARET BAKANLI\u011eI B\u0130L\u0130\u015e\u0130M SEKT\u00d6R\u00dc \u0130HRACAT DESTEKLER\u0130 \u00a0 \u00a0 \u00a0 \u00a0 \u00a0B\u0130L\u0130\u015e\u0130M SEKT\u00d6R\u00dcNE Y\u00d6NEL\u0130K \u0130HRACAT DESTEKLER\u0130 NE \u015eEK\u0130LDE D\u00dcZENLENM\u0130\u015eT\u0130R? \u00a0 \u00a0 \u00a0 \u00a0 \u00a020\/04\/2022 tarihli ve 5447 say\u0131l\u0131 T\u00fcrkiye Bili\u015fim Sekt\u00f6r\u00fcn\u00fcn Uluslararas\u0131la\u015fmas\u0131 ve E-Turquality (Bili\u015fim Y\u0131ld\u0131zlar\u0131) Program\u0131 Hakk\u0131nda Karar\u2019la, \u00fclkemizin bili\u015fim ve alt sekt\u00f6rlerinin geli\u015ftirilmesi, inovasyonun te\u015fvik edilmesi [&hellip;]<\/p>\n","protected":false},"author":1,"featured_media":0,"parent":0,"menu_order":0,"comment_status":"closed","ping_status":"closed","template":"elementor_header_footer","meta":[],"_links":{"self":[{"href":"https:\/\/arpdestek.com\/index.php\/wp-json\/wp\/v2\/pages\/262"}],"collection":[{"href":"https:\/\/arpdestek.com\/index.php\/wp-json\/wp\/v2\/pages"}],"about":[{"href":"https:\/\/arpdestek.com\/index.php\/wp-json\/wp\/v2\/types\/page"}],"author":[{"embeddable":true,"href":"https:\/\/arpdestek.com\/index.php\/wp-json\/wp\/v2\/users\/1"}],"replies":[{"embeddable":true,"href":"https:\/\/arpdestek.com\/index.php\/wp-json\/wp\/v2\/comments?post=262"}],"version-history":[{"count":13,"href":"https:\/\/arpdestek.com\/index.php\/wp-json\/wp\/v2\/pages\/262\/revisions"}],"predecessor-version":[{"id":950,"href":"https:\/\/arpdestek.com\/index.php\/wp-json\/wp\/v2\/pages\/262\/revisions\/950"}],"wp:attachment":[{"href":"https:\/\/arpdestek.com\/index.php\/wp-json\/wp\/v2\/media?parent=262"}],"curies":[{"name":"wp","href":"https:\/\/api.w.org\/{rel}","templated":true}]}}