{"id":271,"date":"2023-03-18T00:42:43","date_gmt":"2023-03-17T21:42:43","guid":{"rendered":"https:\/\/arpdestek.com\/?page_id=271"},"modified":"2023-03-18T00:44:33","modified_gmt":"2023-03-17T21:44:33","slug":"yurt-disi-lojistik-dagitim-aglari-destek-programi","status":"publish","type":"page","link":"https:\/\/arpdestek.com\/index.php\/yurt-disi-lojistik-dagitim-aglari-destek-programi\/","title":{"rendered":"Yurt D\u0131\u015f\u0131 Lojistik Da\u011f\u0131t\u0131m A\u011flar\u0131 Destek Program\u0131"},"content":{"rendered":"\t\t<div data-elementor-type=\"wp-page\" data-elementor-id=\"271\" class=\"elementor elementor-271\">\n\t\t\t\t\t\t\t\t\t<section class=\"elementor-section elementor-top-section elementor-element elementor-element-ecde483 elementor-section-height-min-height elementor-section-boxed elementor-section-height-default elementor-section-items-middle\" data-id=\"ecde483\" data-element_type=\"section\">\n\t\t\t\t\t\t<div class=\"elementor-container elementor-column-gap-default\">\n\t\t\t\t\t<div class=\"elementor-column elementor-col-100 elementor-top-column elementor-element elementor-element-a0dfa2e\" data-id=\"a0dfa2e\" data-element_type=\"column\">\n\t\t\t<div class=\"elementor-widget-wrap elementor-element-populated\">\n\t\t\t\t\t\t\t\t<div class=\"elementor-element elementor-element-ffd5496 elementor-widget elementor-widget-heading\" data-id=\"ffd5496\" data-element_type=\"widget\" data-widget_type=\"heading.default\">\n\t\t\t\t<div class=\"elementor-widget-container\">\n\t\t\t<style>\/*! elementor - v3.11.5 - 14-03-2023 *\/\n.elementor-heading-title{padding:0;margin:0;line-height:1}.elementor-widget-heading .elementor-heading-title[class*=elementor-size-]>a{color:inherit;font-size:inherit;line-height:inherit}.elementor-widget-heading .elementor-heading-title.elementor-size-small{font-size:15px}.elementor-widget-heading .elementor-heading-title.elementor-size-medium{font-size:19px}.elementor-widget-heading .elementor-heading-title.elementor-size-large{font-size:29px}.elementor-widget-heading .elementor-heading-title.elementor-size-xl{font-size:39px}.elementor-widget-heading .elementor-heading-title.elementor-size-xxl{font-size:59px}<\/style><h1 class=\"elementor-heading-title elementor-size-default\">Yurt D\u0131\u015f\u0131 Lojistik Da\u011f\u0131t\u0131m A\u011flar\u0131 Destek Program\u0131<\/h1>\t\t<\/div>\n\t\t\t\t<\/div>\n\t\t\t\t\t<\/div>\n\t\t<\/div>\n\t\t\t\t\t\t\t<\/div>\n\t\t<\/section>\n\t\t\t\t<section class=\"elementor-section elementor-top-section elementor-element elementor-element-bf96f1c elementor-section-boxed elementor-section-height-default elementor-section-height-default\" data-id=\"bf96f1c\" data-element_type=\"section\">\n\t\t\t\t\t\t<div class=\"elementor-container elementor-column-gap-default\">\n\t\t\t\t\t<div class=\"elementor-column elementor-col-100 elementor-top-column elementor-element elementor-element-2cfedcd\" data-id=\"2cfedcd\" data-element_type=\"column\">\n\t\t\t<div class=\"elementor-widget-wrap elementor-element-populated\">\n\t\t\t\t\t\t\t\t<div class=\"elementor-element elementor-element-9deef66 elementor-widget elementor-widget-text-editor\" data-id=\"9deef66\" data-element_type=\"widget\" data-widget_type=\"text-editor.default\">\n\t\t\t\t<div class=\"elementor-widget-container\">\n\t\t\t<style>\/*! elementor - v3.11.5 - 14-03-2023 *\/\n.elementor-widget-text-editor.elementor-drop-cap-view-stacked .elementor-drop-cap{background-color:#818a91;color:#fff}.elementor-widget-text-editor.elementor-drop-cap-view-framed .elementor-drop-cap{color:#818a91;border:3px solid;background-color:transparent}.elementor-widget-text-editor:not(.elementor-drop-cap-view-default) .elementor-drop-cap{margin-top:8px}.elementor-widget-text-editor:not(.elementor-drop-cap-view-default) .elementor-drop-cap-letter{width:1em;height:1em}.elementor-widget-text-editor .elementor-drop-cap{float:left;text-align:center;line-height:1;font-size:50px}.elementor-widget-text-editor .elementor-drop-cap-letter{display:inline-block}<\/style>\t\t\t\t<p>\u00a0 \u00a0 \u00a020.08.2022 tarih ve <strong>5449<\/strong> say\u0131l\u0131 <strong>Yurt D\u0131\u015f\u0131 Lojistik Da\u011f\u0131t\u0131m A\u011flar\u0131n\u0131n Desteklenmesi Hakk\u0131nda Karar<\/strong>\u2019la, \u00a0\u00fclkemiz ihracat\u0131n\u0131n etkin ve kapsaml\u0131 ak\u0131\u015f\u0131n\u0131 sa\u011flamak, ihracat\u00e7\u0131lar\u0131m\u0131z\u0131n uluslararas\u0131 tedarik ve da\u011f\u0131t\u0131m zincirlerine daha h\u0131zl\u0131 ve rekabet\u00e7i fiyatlarla n\u00fcfuz etmelerini temin etmek ve \u00f6nemli pazarlardaki ihracat performans\u0131m\u0131z\u0131 istikrarl\u0131 k\u0131lacak altyap\u0131 olanaklar\u0131n\u0131 olu\u015fturmak \u00fczere yurt d\u0131\u015f\u0131 lojistik da\u011f\u0131t\u0131m a\u011flar\u0131n\u0131n kurulmas\u0131na ve\/veya i\u015fletilmesine ili\u015fkin giderlerin Destekleme ve Fiyat \u0130stikrar Fonu\u2019ndan kar\u015f\u0131lanmas\u0131na ili\u015fkin usul ve esaslar d\u00fczenlenmi\u015ftir.<\/p><p>\u00a0 \u00a0 \u00a0Bu kararla, yurt d\u0131\u015f\u0131 lojistik da\u011f\u0131t\u0131m a\u011flar\u0131n\u0131n kurulmas\u0131 ve\/veya i\u015fletilmesine y\u00f6nelik olarak T\u00fcrkiye\u2019de yerle\u015fik i\u015fbirli\u011fi kurulu\u015flar\u0131na ve kullan\u0131c\u0131lara sa\u011flanacak desteklere ili\u015fkin h\u00fck\u00fcmler a\u00e7\u0131klanm\u0131\u015ft\u0131r.<\/p><p>\u00a0 \u00a0 \u00a0Karar kapsam\u0131nda, i\u015fbirli\u011fi kurulu\u015flar\u0131 taraf\u0131ndan kurulan yurt d\u0131\u015f\u0131 lojistik da\u011f\u0131t\u0131m a\u011flar\u0131 (YLDA) 10 y\u0131la kadar muhtelif giderleri i\u00e7in desteklenmektedir.\u00a0\u00a0 \u00a0<\/p>\t\t\t\t\t\t<\/div>\n\t\t\t\t<\/div>\n\t\t\t\t\t<\/div>\n\t\t<\/div>\n\t\t\t\t\t\t\t<\/div>\n\t\t<\/section>\n\t\t\t\t\t\t\t<\/div>\n\t\t","protected":false},"excerpt":{"rendered":"<p>Yurt D\u0131\u015f\u0131 Lojistik Da\u011f\u0131t\u0131m A\u011flar\u0131 Destek Program\u0131 \u00a0 \u00a0 \u00a020.08.2022 tarih ve 5449 say\u0131l\u0131 Yurt D\u0131\u015f\u0131 Lojistik Da\u011f\u0131t\u0131m A\u011flar\u0131n\u0131n Desteklenmesi Hakk\u0131nda Karar\u2019la, \u00a0\u00fclkemiz ihracat\u0131n\u0131n etkin ve kapsaml\u0131 ak\u0131\u015f\u0131n\u0131 sa\u011flamak, ihracat\u00e7\u0131lar\u0131m\u0131z\u0131n uluslararas\u0131 tedarik ve da\u011f\u0131t\u0131m zincirlerine daha h\u0131zl\u0131 ve rekabet\u00e7i fiyatlarla n\u00fcfuz etmelerini temin etmek ve \u00f6nemli pazarlardaki ihracat performans\u0131m\u0131z\u0131 istikrarl\u0131 k\u0131lacak altyap\u0131 olanaklar\u0131n\u0131 olu\u015fturmak \u00fczere [&hellip;]<\/p>\n","protected":false},"author":1,"featured_media":0,"parent":0,"menu_order":0,"comment_status":"closed","ping_status":"closed","template":"elementor_header_footer","meta":[],"_links":{"self":[{"href":"https:\/\/arpdestek.com\/index.php\/wp-json\/wp\/v2\/pages\/271"}],"collection":[{"href":"https:\/\/arpdestek.com\/index.php\/wp-json\/wp\/v2\/pages"}],"about":[{"href":"https:\/\/arpdestek.com\/index.php\/wp-json\/wp\/v2\/types\/page"}],"author":[{"embeddable":true,"href":"https:\/\/arpdestek.com\/index.php\/wp-json\/wp\/v2\/users\/1"}],"replies":[{"embeddable":true,"href":"https:\/\/arpdestek.com\/index.php\/wp-json\/wp\/v2\/comments?post=271"}],"version-history":[{"count":4,"href":"https:\/\/arpdestek.com\/index.php\/wp-json\/wp\/v2\/pages\/271\/revisions"}],"predecessor-version":[{"id":278,"href":"https:\/\/arpdestek.com\/index.php\/wp-json\/wp\/v2\/pages\/271\/revisions\/278"}],"wp:attachment":[{"href":"https:\/\/arpdestek.com\/index.php\/wp-json\/wp\/v2\/media?parent=271"}],"curies":[{"name":"wp","href":"https:\/\/api.w.org\/{rel}","templated":true}]}}