{"id":401,"date":"2023-03-18T01:55:24","date_gmt":"2023-03-17T22:55:24","guid":{"rendered":"https:\/\/arpdestek.com\/?page_id=401"},"modified":"2023-04-07T23:00:20","modified_gmt":"2023-04-07T20:00:20","slug":"teknik-destekler","status":"publish","type":"page","link":"https:\/\/arpdestek.com\/index.php\/teknik-destekler\/","title":{"rendered":"Teknik Destekler"},"content":{"rendered":"\t\t<div data-elementor-type=\"wp-page\" data-elementor-id=\"401\" class=\"elementor elementor-401\">\n\t\t\t\t\t\t\t\t\t<section class=\"elementor-section elementor-top-section elementor-element elementor-element-cf2b891 elementor-section-boxed elementor-section-height-default elementor-section-height-default\" data-id=\"cf2b891\" data-element_type=\"section\">\n\t\t\t\t\t\t<div class=\"elementor-container elementor-column-gap-default\">\n\t\t\t\t\t<div class=\"elementor-column elementor-col-100 elementor-top-column elementor-element elementor-element-9b0ecb2\" data-id=\"9b0ecb2\" data-element_type=\"column\">\n\t\t\t<div class=\"elementor-widget-wrap elementor-element-populated\">\n\t\t\t\t\t\t\t\t<div class=\"elementor-element elementor-element-fe566b3 elementor-widget elementor-widget-heading\" data-id=\"fe566b3\" data-element_type=\"widget\" data-widget_type=\"heading.default\">\n\t\t\t\t<div class=\"elementor-widget-container\">\n\t\t\t<style>\/*! elementor - v3.11.5 - 14-03-2023 *\/\n.elementor-heading-title{padding:0;margin:0;line-height:1}.elementor-widget-heading .elementor-heading-title[class*=elementor-size-]>a{color:inherit;font-size:inherit;line-height:inherit}.elementor-widget-heading .elementor-heading-title.elementor-size-small{font-size:15px}.elementor-widget-heading .elementor-heading-title.elementor-size-medium{font-size:19px}.elementor-widget-heading .elementor-heading-title.elementor-size-large{font-size:29px}.elementor-widget-heading .elementor-heading-title.elementor-size-xl{font-size:39px}.elementor-widget-heading .elementor-heading-title.elementor-size-xxl{font-size:59px}<\/style><h2 class=\"elementor-heading-title elementor-size-default\">Teknik Destekler<\/h2>\t\t<\/div>\n\t\t\t\t<\/div>\n\t\t\t\t\t<\/div>\n\t\t<\/div>\n\t\t\t\t\t\t\t<\/div>\n\t\t<\/section>\n\t\t\t\t<section class=\"elementor-section elementor-top-section elementor-element elementor-element-a090b2e elementor-section-boxed elementor-section-height-default elementor-section-height-default\" data-id=\"a090b2e\" data-element_type=\"section\">\n\t\t\t\t\t\t<div class=\"elementor-container elementor-column-gap-default\">\n\t\t\t\t\t<div class=\"elementor-column elementor-col-100 elementor-top-column elementor-element elementor-element-f79766f\" data-id=\"f79766f\" data-element_type=\"column\">\n\t\t\t<div class=\"elementor-widget-wrap elementor-element-populated\">\n\t\t\t\t\t\t\t\t<div class=\"elementor-element elementor-element-6cea6d0 elementor-widget elementor-widget-text-editor\" data-id=\"6cea6d0\" data-element_type=\"widget\" data-widget_type=\"text-editor.default\">\n\t\t\t\t<div class=\"elementor-widget-container\">\n\t\t\t<style>\/*! elementor - v3.11.5 - 14-03-2023 *\/\n.elementor-widget-text-editor.elementor-drop-cap-view-stacked .elementor-drop-cap{background-color:#818a91;color:#fff}.elementor-widget-text-editor.elementor-drop-cap-view-framed .elementor-drop-cap{color:#818a91;border:3px solid;background-color:transparent}.elementor-widget-text-editor:not(.elementor-drop-cap-view-default) .elementor-drop-cap{margin-top:8px}.elementor-widget-text-editor:not(.elementor-drop-cap-view-default) .elementor-drop-cap-letter{width:1em;height:1em}.elementor-widget-text-editor .elementor-drop-cap{float:left;text-align:center;line-height:1;font-size:50px}.elementor-widget-text-editor .elementor-drop-cap-letter{display:inline-block}<\/style>\t\t\t\t<p><strong>Kimler Yararlanabilir?<\/strong><\/p><p>\u00a0 \u00a0 \u00a0 \u00a0 \u00a0 K\u00e2r amac\u0131 g\u00fcden veya g\u00fctmeyen kurulu\u015flar<\/p><p>\u00a0 \u00a0 \u00a0 \u00a0 \u00a0 Ba\u015fvuru sahibinin, ba\u015fvurdu\u011fu ajans\u0131n faaliyette oldu\u011fu il s\u0131n\u0131rlar\u0131 i\u00e7ine kay\u0131tl\u0131 olmas\u0131 veya merkezinin ya da yasal \u015fubesinin o b\u00f6lgede bulunmas\u0131 gerekmektedir.<\/p><p><strong>Desteklenen Alanlar ve Destek Unsurlar\u0131 Nelerdir?<\/strong><\/p><ul><li>E\u011fitim, program ve proje haz\u0131rlanmas\u0131, dan\u0131\u015fmanl\u0131k, lobi faaliyetleri ve uluslararas\u0131 ili\u015fkiler kurma gibi kurumsal nitelikli ve kapasite geli\u015ftirici faaliyetlerin desteklenmesi ama\u00e7lanmaktad\u0131r.<\/li><li>Desteklenmesi uygun g\u00f6r\u00fclen faaliyetlerde e\u011fitmen\/dan\u0131\u015fman\u0131n yol ve konaklama dahil \u00fccretinin tamam\u0131 Ajans taraf\u0131ndan \u00f6denmektedir. E\u011fitmen \u00fccreti, yol ve konaklama d\u0131\u015f\u0131ndaki di\u011fer harcamalar Ajans taraf\u0131ndan \u00f6denmez.<\/li><li>Kurumlar\u0131n, meri mevzuata g\u00f6re, hali haz\u0131rda uygulamalar\u0131 zorunlu e\u011fitimleri veya faaliyetleri destek kapsam\u0131 d\u0131\u015f\u0131ndad\u0131r.<\/li><li>Ba\u015fvurular s\u00fcrekli olarak al\u0131n\u0131r ancak 2\u2019\u015fer ayl\u0131k d\u00f6nemler halinde de\u011ferlendirilir.<\/li><li>Destek almaya hak kazanan faaliyet en fazla 6 ay i\u00e7erisinde tamamlanmal\u0131d\u0131r.<\/li><li>Faaliyet, ba\u015fvurulan ajans\u0131n kapsad\u0131\u011f\u0131 b\u00f6lgenin il s\u0131n\u0131rlar\u0131 i\u00e7erisinde ger\u00e7ekle\u015ftirilmelidir.<\/li><\/ul><p><strong>Destek oranlar\u0131 ve \u00fcst limitleri nelerdir?<\/strong><\/p><p>\u00a0 \u00a0 \u00a0 \u00a0 \u00a0 Teknik destek kapsam\u0131nda yararlan\u0131c\u0131 kurulu\u015fa herhangi bir do\u011frudan mali destek verilmez. Ajans bu destekleri mevcut b\u00fct\u00e7e ve personel imk\u00e2nlar\u0131 \u00e7er\u00e7evesinde kendi personeli eliyle ya da hizmet al\u0131m\u0131 yoluyla sa\u011flayabilir. Teknik desteklerin hizmet al\u0131m\u0131 yoluyla sa\u011flanmas\u0131na, ajans personelinin i\u015f yo\u011funlu\u011fu ve sa\u011flanacak deste\u011fin niteli\u011fi g\u00f6z \u00f6n\u00fcnde bulundurularak genel sekreter taraf\u0131ndan karar verilir.<\/p><p><strong>Program s\u00fcresi nedir?<\/strong><\/p><p>\u00a0 \u00a0 \u00a0 \u00a0 \u00a0 Teknik destek program\u0131 kapsam\u0131nda uygulanacak projenin toplam s\u00fcresi 1 ay\u0131, destek kapsam\u0131nda Ajans taraf\u0131ndan g\u00f6revlendirilecek uzman deste\u011finin s\u00fcresi ise 15 g\u00fcn\u00fc ge\u00e7emez.<\/p>\t\t\t\t\t\t<\/div>\n\t\t\t\t<\/div>\n\t\t\t\t\t<\/div>\n\t\t<\/div>\n\t\t\t\t\t\t\t<\/div>\n\t\t<\/section>\n\t\t\t\t\t\t\t<\/div>\n\t\t","protected":false},"excerpt":{"rendered":"<p>Teknik Destekler Kimler Yararlanabilir? \u00a0 \u00a0 \u00a0 \u00a0 \u00a0 K\u00e2r amac\u0131 g\u00fcden veya g\u00fctmeyen kurulu\u015flar \u00a0 \u00a0 \u00a0 \u00a0 \u00a0 Ba\u015fvuru sahibinin, ba\u015fvurdu\u011fu ajans\u0131n faaliyette oldu\u011fu il s\u0131n\u0131rlar\u0131 i\u00e7ine kay\u0131tl\u0131 olmas\u0131 veya merkezinin ya da yasal \u015fubesinin o b\u00f6lgede bulunmas\u0131 gerekmektedir. Desteklenen Alanlar ve Destek Unsurlar\u0131 Nelerdir? E\u011fitim, program ve proje haz\u0131rlanmas\u0131, dan\u0131\u015fmanl\u0131k, lobi faaliyetleri [&hellip;]<\/p>\n","protected":false},"author":1,"featured_media":0,"parent":0,"menu_order":0,"comment_status":"closed","ping_status":"closed","template":"elementor_header_footer","meta":[],"_links":{"self":[{"href":"https:\/\/arpdestek.com\/index.php\/wp-json\/wp\/v2\/pages\/401"}],"collection":[{"href":"https:\/\/arpdestek.com\/index.php\/wp-json\/wp\/v2\/pages"}],"about":[{"href":"https:\/\/arpdestek.com\/index.php\/wp-json\/wp\/v2\/types\/page"}],"author":[{"embeddable":true,"href":"https:\/\/arpdestek.com\/index.php\/wp-json\/wp\/v2\/users\/1"}],"replies":[{"embeddable":true,"href":"https:\/\/arpdestek.com\/index.php\/wp-json\/wp\/v2\/comments?post=401"}],"version-history":[{"count":7,"href":"https:\/\/arpdestek.com\/index.php\/wp-json\/wp\/v2\/pages\/401\/revisions"}],"predecessor-version":[{"id":724,"href":"https:\/\/arpdestek.com\/index.php\/wp-json\/wp\/v2\/pages\/401\/revisions\/724"}],"wp:attachment":[{"href":"https:\/\/arpdestek.com\/index.php\/wp-json\/wp\/v2\/media?parent=401"}],"curies":[{"name":"wp","href":"https:\/\/api.w.org\/{rel}","templated":true}]}}