{"id":833,"date":"2024-05-30T16:17:35","date_gmt":"2024-05-30T13:17:35","guid":{"rendered":"https:\/\/arpdestek.com\/?page_id=833"},"modified":"2024-05-30T16:19:07","modified_gmt":"2024-05-30T13:19:07","slug":"tekmer-destek-programi","status":"publish","type":"page","link":"https:\/\/arpdestek.com\/index.php\/tekmer-destek-programi\/","title":{"rendered":"TEKMER Destek Program\u0131\u200b"},"content":{"rendered":"\t\t<div data-elementor-type=\"wp-page\" data-elementor-id=\"833\" class=\"elementor elementor-833\">\n\t\t\t\t\t\t\t\t\t<section class=\"elementor-section elementor-top-section elementor-element elementor-element-9b84aea elementor-section-boxed elementor-section-height-default elementor-section-height-default\" data-id=\"9b84aea\" data-element_type=\"section\">\n\t\t\t\t\t\t<div class=\"elementor-container elementor-column-gap-default\">\n\t\t\t\t\t<div class=\"elementor-column elementor-col-100 elementor-top-column elementor-element elementor-element-16af428\" data-id=\"16af428\" data-element_type=\"column\">\n\t\t\t<div class=\"elementor-widget-wrap elementor-element-populated\">\n\t\t\t\t\t\t\t\t<div class=\"elementor-element elementor-element-710aa7b elementor-widget elementor-widget-heading\" data-id=\"710aa7b\" data-element_type=\"widget\" data-widget_type=\"heading.default\">\n\t\t\t\t<div class=\"elementor-widget-container\">\n\t\t\t<style>\/*! elementor - v3.11.5 - 14-03-2023 *\/\n.elementor-heading-title{padding:0;margin:0;line-height:1}.elementor-widget-heading .elementor-heading-title[class*=elementor-size-]>a{color:inherit;font-size:inherit;line-height:inherit}.elementor-widget-heading .elementor-heading-title.elementor-size-small{font-size:15px}.elementor-widget-heading .elementor-heading-title.elementor-size-medium{font-size:19px}.elementor-widget-heading .elementor-heading-title.elementor-size-large{font-size:29px}.elementor-widget-heading .elementor-heading-title.elementor-size-xl{font-size:39px}.elementor-widget-heading .elementor-heading-title.elementor-size-xxl{font-size:59px}<\/style><h2 class=\"elementor-heading-title elementor-size-default\">TEKMER Destek Program\u0131<\/h2>\t\t<\/div>\n\t\t\t\t<\/div>\n\t\t\t\t\t<\/div>\n\t\t<\/div>\n\t\t\t\t\t\t\t<\/div>\n\t\t<\/section>\n\t\t\t\t<section class=\"elementor-section elementor-top-section elementor-element elementor-element-d39cac3 elementor-section-boxed elementor-section-height-default elementor-section-height-default\" data-id=\"d39cac3\" data-element_type=\"section\">\n\t\t\t\t\t\t<div class=\"elementor-container elementor-column-gap-default\">\n\t\t\t\t\t<div class=\"elementor-column elementor-col-100 elementor-top-column elementor-element elementor-element-03af6f4\" data-id=\"03af6f4\" data-element_type=\"column\">\n\t\t\t<div class=\"elementor-widget-wrap elementor-element-populated\">\n\t\t\t\t\t\t\t\t<div class=\"elementor-element elementor-element-72b27a7 elementor-widget elementor-widget-text-editor\" data-id=\"72b27a7\" data-element_type=\"widget\" data-widget_type=\"text-editor.default\">\n\t\t\t\t<div class=\"elementor-widget-container\">\n\t\t\t<style>\/*! elementor - v3.11.5 - 14-03-2023 *\/\n.elementor-widget-text-editor.elementor-drop-cap-view-stacked .elementor-drop-cap{background-color:#818a91;color:#fff}.elementor-widget-text-editor.elementor-drop-cap-view-framed .elementor-drop-cap{color:#818a91;border:3px solid;background-color:transparent}.elementor-widget-text-editor:not(.elementor-drop-cap-view-default) .elementor-drop-cap{margin-top:8px}.elementor-widget-text-editor:not(.elementor-drop-cap-view-default) .elementor-drop-cap-letter{width:1em;height:1em}.elementor-widget-text-editor .elementor-drop-cap{float:left;text-align:center;line-height:1;font-size:50px}.elementor-widget-text-editor .elementor-drop-cap-letter{display:inline-block}<\/style>\t\t\t\t<p class=\"MsoNormal\" style=\"margin: 12pt 0cm 0.0001pt; text-align: justify; text-indent: 35.4pt; line-height: normal; background-image: initial; background-position: initial; background-size: initial; background-repeat: initial; background-attachment: initial; background-origin: initial; background-clip: initial;\"><span style=\"font-size: 12pt; background-image: initial; background-position: initial; background-size: initial; background-repeat: initial; background-attachment: initial; background-origin: initial; background-clip: initial;\">Bu destek program\u0131n\u0131n amac\u0131, giri\u015fimcilik\nekosisteminde yer alan akt\u00f6rler aras\u0131 i\u015fbirli\u011fi ile ulusal plan ve programlar\ndo\u011frultusunda Ar-Ge, inovasyon ve teknolojik giri\u015fimcilik alan\u0131ndaki i\u015fletmelerin\nkurulmas\u0131n\u0131 ve s\u00fcrd\u00fcr\u00fclebilir olmalar\u0131n\u0131 sa\u011flamak i\u00e7in \u00f6n ink\u00fcbasyon,\nink\u00fcbasyon ve ink\u00fcbasyon sonras\u0131 hizmetleri sunacak yap\u0131lar\u0131n kurulmas\u0131 ve\ni\u015fletilmesini sa\u011flamakt\u0131r.<o:p><\/o:p><\/span><\/p><p class=\"MsoNormal\" style=\"margin: 12pt 0cm 0.0001pt; text-align: justify; text-indent: 35.4pt; line-height: normal; background-image: initial; background-position: initial; background-size: initial; background-repeat: initial; background-attachment: initial; background-origin: initial; background-clip: initial;\"><span style=\"font-size: 12pt; background-image: initial; background-position: initial; background-size: initial; background-repeat: initial; background-attachment: initial; background-origin: initial; background-clip: initial;\">Program kapsam\u0131nda, 5 y\u0131ll\u0131k s\u00fcre boyunca\n6.000.000TL\u2019ye kadar, <o:p><\/o:p><\/span><\/p><p class=\"MsoNormal\" style=\"margin: 12pt 0cm 0.0001pt; text-align: justify; text-indent: 35.4pt; line-height: normal; background-image: initial; background-position: initial; background-size: initial; background-repeat: initial; background-attachment: initial; background-origin: initial; background-clip: initial;\"><span style=\"font-size: 12pt; background-image: initial; background-position: initial; background-size: initial; background-repeat: initial; background-attachment: initial; background-origin: initial; background-clip: initial;\">Kapasite geli\u015ftirmek amac\u0131yla 4.000.000TL\u2019ye\nkadar destek verilmektedir. <o:p><\/o:p><\/span><\/p><p class=\"MsoNormal\" style=\"margin: 12pt 0cm 0.0001pt; text-align: justify; line-height: normal; background-image: initial; background-position: initial; background-size: initial; background-repeat: initial; background-attachment: initial; background-origin: initial; background-clip: initial;\"><b><span style=\"font-size:14.0pt\">TEKMER DESTEK PROGRAMININ\nUNSURLARI NELERD\u0130R?<o:p><\/o:p><\/span><\/b><\/p><p class=\"MsoNormal\" style=\"margin: 12pt 0cm 0.0001pt; text-align: justify; line-height: normal; background-image: initial; background-position: initial; background-size: initial; background-repeat: initial; background-attachment: initial; background-origin: initial; background-clip: initial;\"><span style=\"font-size: 12pt; background-image: initial; background-position: initial; background-size: initial; background-repeat: initial; background-attachment: initial; background-origin: initial; background-clip: initial;\">&nbsp;<\/span><\/p><p>\n\n\n\n\n\n\n\n\n\n<\/p><table class=\"MsoTableGrid\" border=\"1\" cellspacing=\"0\" cellpadding=\"0\" width=\"0\" style=\"width: 432.3pt; margin-left: 21.05pt; border: none;\">\n <tbody><tr>\n  <td width=\"302\" style=\"width: 8cm; border-width: 1pt; border-color: windowtext; padding: 2.85pt 4.25pt;\">\n  <p class=\"MsoNormal\" align=\"center\" style=\"margin-bottom:0cm;margin-bottom:.0001pt;\n  text-align:center;line-height:normal;tab-stops:2.0cm\"><b><span style=\"font-size:12.0pt\">TEKMER DESTEK PROGRAMI<o:p><\/o:p><\/span><\/b><\/p>\n  <\/td>\n  <td width=\"151\" style=\"width: 4cm; border-top-width: 1pt; border-right-width: 1pt; border-bottom-width: 1pt; border-top-color: windowtext; border-right-color: windowtext; border-bottom-color: windowtext; border-left: none; padding: 2.85pt 4.25pt;\">\n  <p class=\"MsoNormal\" align=\"center\" style=\"margin-bottom:0cm;margin-bottom:.0001pt;\n  text-align:center;line-height:normal;tab-stops:2.0cm\"><b><span style=\"font-size:12.0pt\">DESTEK \u00dcST L\u0130M\u0130T\u0130<o:p><\/o:p><\/span><\/b><\/p>\n  <p class=\"MsoNormal\" align=\"center\" style=\"margin-bottom:0cm;margin-bottom:.0001pt;\n  text-align:center;line-height:normal;tab-stops:2.0cm\"><b><span style=\"font-size:12.0pt\">(TL)<o:p><\/o:p><\/span><\/b><\/p>\n  <\/td>\n  <td width=\"123\" style=\"width: 92.1pt; border-top-width: 1pt; border-right-width: 1pt; border-bottom-width: 1pt; border-top-color: windowtext; border-right-color: windowtext; border-bottom-color: windowtext; border-left: none; padding: 2.85pt 4.25pt;\">\n  <p class=\"MsoNormal\" align=\"center\" style=\"margin-bottom:0cm;margin-bottom:.0001pt;\n  text-align:center;line-height:normal;tab-stops:2.0cm\"><b><span style=\"font-size:12.0pt\">DESTEK ORANI<o:p><\/o:p><\/span><\/b><\/p>\n  <p class=\"MsoNormal\" align=\"center\" style=\"margin-bottom:0cm;margin-bottom:.0001pt;\n  text-align:center;line-height:normal;tab-stops:2.0cm\"><b><span style=\"font-size:12.0pt\">(%)<o:p><\/o:p><\/span><\/b><\/p>\n  <\/td>\n <\/tr>\n <tr>\n  <td width=\"302\" style=\"width: 8cm; border-right-width: 1pt; border-bottom-width: 1pt; border-left-width: 1pt; border-right-color: windowtext; border-bottom-color: windowtext; border-left-color: windowtext; border-top: none; padding: 2.85pt 4.25pt;\">\n  <p class=\"MsoNormal\" style=\"margin-bottom:0cm;margin-bottom:.0001pt;text-align:\n  justify;line-height:normal;tab-stops:2.0cm\"><span style=\"font-size:12.0pt\">Mobilya\n  ve donan\u0131m deste\u011fi<o:p><\/o:p><\/span><\/p>\n  <\/td>\n  <td width=\"151\" style=\"width: 4cm; border-top: none; border-left: none; border-bottom-width: 1pt; border-bottom-color: windowtext; border-right-width: 1pt; border-right-color: windowtext; padding: 2.85pt 4.25pt;\">\n  <p class=\"MsoNormal\" align=\"center\" style=\"margin-bottom:0cm;margin-bottom:.0001pt;\n  text-align:center;line-height:normal;tab-stops:2.0cm\"><span style=\"font-size:\n  12.0pt\">2.000.000<o:p><\/o:p><\/span><\/p>\n  <\/td>\n  <td width=\"123\" style=\"width: 92.1pt; border-top: none; border-left: none; border-bottom-width: 1pt; border-bottom-color: windowtext; border-right-width: 1pt; border-right-color: windowtext; padding: 2.85pt 4.25pt;\">\n  <p class=\"MsoNormal\" align=\"center\" style=\"margin-bottom:0cm;margin-bottom:.0001pt;\n  text-align:center;line-height:normal;tab-stops:2.0cm\"><span style=\"font-size:\n  12.0pt\">75<o:p><\/o:p><\/span><\/p>\n  <\/td>\n <\/tr>\n <tr>\n  <td width=\"302\" style=\"width: 8cm; border-right-width: 1pt; border-bottom-width: 1pt; border-left-width: 1pt; border-right-color: windowtext; border-bottom-color: windowtext; border-left-color: windowtext; border-top: none; padding: 2.85pt 4.25pt;\">\n  <p class=\"MsoNormal\" style=\"margin-bottom:0cm;margin-bottom:.0001pt;text-align:\n  justify;line-height:normal;tab-stops:2.0cm\"><span style=\"font-size:12.0pt\">Ortak\n  kullan\u0131ma y\u00f6nelik makine-te\u00e7hizat ve yaz\u0131l\u0131m deste\u011fi*<o:p><\/o:p><\/span><\/p>\n  <\/td>\n  <td width=\"151\" style=\"width: 4cm; border-top: none; border-left: none; border-bottom-width: 1pt; border-bottom-color: windowtext; border-right-width: 1pt; border-right-color: windowtext; padding: 2.85pt 4.25pt;\">\n  <p class=\"MsoNormal\" align=\"center\" style=\"margin-bottom:0cm;margin-bottom:.0001pt;\n  text-align:center;line-height:normal;tab-stops:2.0cm\"><span style=\"font-size:\n  12.0pt\">2.000.000<o:p><\/o:p><\/span><\/p>\n  <\/td>\n  <td width=\"123\" style=\"width: 92.1pt; border-top: none; border-left: none; border-bottom-width: 1pt; border-bottom-color: windowtext; border-right-width: 1pt; border-right-color: windowtext; padding: 2.85pt 4.25pt;\">\n  <p class=\"MsoNormal\" align=\"center\" style=\"margin-bottom:0cm;margin-bottom:.0001pt;\n  text-align:center;line-height:normal;tab-stops:2.0cm\"><span style=\"font-size:\n  12.0pt\">75*<o:p><\/o:p><\/span><\/p>\n  <\/td>\n <\/tr>\n <tr>\n  <td width=\"302\" style=\"width: 8cm; border-right-width: 1pt; border-bottom-width: 1pt; border-left-width: 1pt; border-right-color: windowtext; border-bottom-color: windowtext; border-left-color: windowtext; border-top: none; padding: 2.85pt 4.25pt;\">\n  <p class=\"MsoNormal\" style=\"margin-bottom:0cm;margin-bottom:.0001pt;text-align:\n  justify;line-height:normal;tab-stops:2.0cm\"><span style=\"font-size:12.0pt\">Ortak\n  kullan\u0131ma y\u00f6nelik makine-te\u00e7hizat ve yaz\u0131l\u0131m deste\u011fi (geri \u00f6demeli)*<o:p><\/o:p><\/span><\/p>\n  <\/td>\n  <td width=\"151\" style=\"width: 4cm; border-top: none; border-left: none; border-bottom-width: 1pt; border-bottom-color: windowtext; border-right-width: 1pt; border-right-color: windowtext; padding: 2.85pt 4.25pt;\">\n  <p class=\"MsoNormal\" align=\"center\" style=\"margin-bottom:0cm;margin-bottom:.0001pt;\n  text-align:center;line-height:normal;tab-stops:2.0cm\"><span style=\"font-size:\n  12.0pt\">2.000.000<o:p><\/o:p><\/span><\/p>\n  <\/td>\n  <td width=\"123\" style=\"width: 92.1pt; border-top: none; border-left: none; border-bottom-width: 1pt; border-bottom-color: windowtext; border-right-width: 1pt; border-right-color: windowtext; padding: 2.85pt 4.25pt;\">\n  <p class=\"MsoNormal\" align=\"center\" style=\"margin-bottom:0cm;margin-bottom:.0001pt;\n  text-align:center;line-height:normal;tab-stops:2.0cm\"><span style=\"font-size:\n  12.0pt\">75*<o:p><\/o:p><\/span><\/p>\n  <\/td>\n <\/tr>\n <tr>\n  <td width=\"302\" style=\"width: 8cm; border-right-width: 1pt; border-bottom-width: 1pt; border-left-width: 1pt; border-right-color: windowtext; border-bottom-color: windowtext; border-left-color: windowtext; border-top: none; padding: 2.85pt 4.25pt;\">\n  <p class=\"MsoNormal\" style=\"margin-bottom:0cm;margin-bottom:.0001pt;text-align:\n  justify;line-height:normal;tab-stops:2.0cm\"><span style=\"font-size:12.0pt\">Personel\n  giderleri deste\u011fi<o:p><\/o:p><\/span><\/p>\n  <\/td>\n  <td width=\"151\" style=\"width: 4cm; border-top: none; border-left: none; border-bottom-width: 1pt; border-bottom-color: windowtext; border-right-width: 1pt; border-right-color: windowtext; padding: 2.85pt 4.25pt;\">\n  <p class=\"MsoNormal\" align=\"center\" style=\"margin-bottom:0cm;margin-bottom:.0001pt;\n  text-align:center;line-height:normal;tab-stops:2.0cm\"><span style=\"font-size:\n  12.0pt\">3.000.000<o:p><\/o:p><\/span><\/p>\n  <\/td>\n  <td width=\"123\" style=\"width: 92.1pt; border-top: none; border-left: none; border-bottom-width: 1pt; border-bottom-color: windowtext; border-right-width: 1pt; border-right-color: windowtext; padding: 2.85pt 4.25pt;\">\n  <p class=\"MsoNormal\" align=\"center\" style=\"margin-bottom:0cm;margin-bottom:.0001pt;\n  text-align:center;line-height:normal;tab-stops:2.0cm\"><span style=\"font-size:\n  12.0pt\">75<o:p><\/o:p><\/span><\/p>\n  <\/td>\n <\/tr>\n <tr>\n  <td width=\"302\" style=\"width: 8cm; border-right-width: 1pt; border-bottom-width: 1pt; border-left-width: 1pt; border-right-color: windowtext; border-bottom-color: windowtext; border-left-color: windowtext; border-top: none; padding: 2.85pt 4.25pt;\">\n  <p class=\"MsoNormal\" style=\"margin-bottom:0cm;margin-bottom:.0001pt;text-align:\n  justify;line-height:normal;tab-stops:2.0cm\"><span style=\"font-size:12.0pt\">E\u011fitim,\n  dan\u0131\u015fmanl\u0131k, organizasyon ve tan\u0131t\u0131m giderleri deste\u011fi<o:p><\/o:p><\/span><\/p>\n  <\/td>\n  <td width=\"151\" style=\"width: 4cm; border-top: none; border-left: none; border-bottom-width: 1pt; border-bottom-color: windowtext; border-right-width: 1pt; border-right-color: windowtext; padding: 2.85pt 4.25pt;\">\n  <p class=\"MsoNormal\" align=\"center\" style=\"margin-bottom:0cm;margin-bottom:.0001pt;\n  text-align:center;line-height:normal;tab-stops:2.0cm\"><span style=\"font-size:\n  12.0pt\">1.000.000<o:p><\/o:p><\/span><\/p>\n  <\/td>\n  <td width=\"123\" style=\"width: 92.1pt; border-top: none; border-left: none; border-bottom-width: 1pt; border-bottom-color: windowtext; border-right-width: 1pt; border-right-color: windowtext; padding: 2.85pt 4.25pt;\">\n  <p class=\"MsoNormal\" align=\"center\" style=\"margin-bottom:0cm;margin-bottom:.0001pt;\n  text-align:center;line-height:normal;tab-stops:2.0cm\"><span style=\"font-size:\n  12.0pt\">75<o:p><\/o:p><\/span><\/p>\n  <\/td>\n <\/tr>\n <tr>\n  <td width=\"302\" style=\"width: 8cm; border-right-width: 1pt; border-bottom-width: 1pt; border-left-width: 1pt; border-right-color: windowtext; border-bottom-color: windowtext; border-left-color: windowtext; border-top: none; padding: 2.85pt 4.25pt;\">\n  <p class=\"MsoNormal\" align=\"center\" style=\"margin-bottom:0cm;margin-bottom:.0001pt;\n  text-align:center;line-height:normal;tab-stops:2.0cm\"><b><span style=\"font-size:12.0pt\">KAPAS\u0130TE GEL\u0130\u015eT\u0130RME DESTE\u011e\u0130(**)<o:p><\/o:p><\/span><\/b><\/p>\n  <\/td>\n  <td width=\"151\" style=\"width: 4cm; border-top: none; border-left: none; border-bottom-width: 1pt; border-bottom-color: windowtext; border-right-width: 1pt; border-right-color: windowtext; padding: 2.85pt 4.25pt;\">\n  <p class=\"MsoNormal\" align=\"center\" style=\"margin-bottom:0cm;margin-bottom:.0001pt;\n  text-align:center;line-height:normal;tab-stops:2.0cm\"><b><span style=\"font-size:12.0pt\">DESTEK \u00dcST L\u0130M\u0130T<o:p><\/o:p><\/span><\/b><\/p>\n  <p class=\"MsoNormal\" align=\"center\" style=\"margin-bottom:0cm;margin-bottom:.0001pt;\n  text-align:center;line-height:normal;tab-stops:2.0cm\"><b><span style=\"font-size:12.0pt\">(TL)<o:p><\/o:p><\/span><\/b><\/p>\n  <\/td>\n  <td width=\"123\" style=\"width: 92.1pt; border-top: none; border-left: none; border-bottom-width: 1pt; border-bottom-color: windowtext; border-right-width: 1pt; border-right-color: windowtext; padding: 2.85pt 4.25pt;\">\n  <p class=\"MsoNormal\" align=\"center\" style=\"margin-bottom:0cm;margin-bottom:.0001pt;\n  text-align:center;line-height:normal;tab-stops:2.0cm\"><b><span style=\"font-size:12.0pt\">DESTEK ORANI<o:p><\/o:p><\/span><\/b><\/p>\n  <p class=\"MsoNormal\" align=\"center\" style=\"margin-bottom:0cm;margin-bottom:.0001pt;\n  text-align:center;line-height:normal;tab-stops:2.0cm\"><b><span style=\"font-size:12.0pt\">(%)<o:p><\/o:p><\/span><\/b><\/p>\n  <\/td>\n <\/tr>\n <tr>\n  <td width=\"302\" style=\"width: 8cm; border-right-width: 1pt; border-bottom-width: 1pt; border-left-width: 1pt; border-right-color: windowtext; border-bottom-color: windowtext; border-left-color: windowtext; border-top: none; padding: 2.85pt 4.25pt;\">\n  <p class=\"MsoNormal\" style=\"margin-bottom:0cm;margin-bottom:.0001pt;text-align:\n  justify;line-height:normal;tab-stops:2.0cm\"><span style=\"font-size:12.0pt\">Mobilya\n  ve donan\u0131m deste\u011fi<o:p><\/o:p><\/span><\/p>\n  <\/td>\n  <td width=\"151\" rowspan=\"4\" style=\"width: 4cm; border-top: none; border-left: none; border-bottom-width: 1pt; border-bottom-color: windowtext; border-right-width: 1pt; border-right-color: windowtext; padding: 2.85pt 4.25pt;\">\n  <p class=\"MsoNormal\" align=\"center\" style=\"margin-bottom:0cm;margin-bottom:.0001pt;\n  text-align:center;line-height:normal;tab-stops:2.0cm\"><span style=\"font-size:\n  12.0pt\">4.000.000<o:p><\/o:p><\/span><\/p>\n  <\/td>\n  <td width=\"123\" rowspan=\"4\" style=\"width: 92.1pt; border-top: none; border-left: none; border-bottom-width: 1pt; border-bottom-color: windowtext; border-right-width: 1pt; border-right-color: windowtext; padding: 2.85pt 4.25pt;\">\n  <p class=\"MsoNormal\" align=\"center\" style=\"margin-bottom:0cm;margin-bottom:.0001pt;\n  text-align:center;line-height:normal;tab-stops:2.0cm\"><span style=\"font-size:\n  12.0pt\">75<o:p><\/o:p><\/span><\/p>\n  <\/td>\n <\/tr>\n <tr>\n  <td width=\"302\" style=\"width: 8cm; border-right-width: 1pt; border-bottom-width: 1pt; border-left-width: 1pt; border-right-color: windowtext; border-bottom-color: windowtext; border-left-color: windowtext; border-top: none; padding: 2.85pt 4.25pt;\">\n  <p class=\"MsoNormal\" style=\"margin-bottom:0cm;margin-bottom:.0001pt;text-align:\n  justify;line-height:normal;tab-stops:2.0cm\"><span style=\"font-size:12.0pt\">Ortak\n  kullan\u0131ma y\u00f6nelik makine-te\u00e7hizat ve yaz\u0131l\u0131m deste\u011fi*<o:p><\/o:p><\/span><\/p>\n  <\/td>\n <\/tr>\n <tr>\n  <td width=\"302\" style=\"width: 8cm; border-right-width: 1pt; border-bottom-width: 1pt; border-left-width: 1pt; border-right-color: windowtext; border-bottom-color: windowtext; border-left-color: windowtext; border-top: none; padding: 2.85pt 4.25pt;\">\n  <p class=\"MsoNormal\" style=\"margin-bottom:0cm;margin-bottom:.0001pt;text-align:\n  justify;line-height:normal;tab-stops:2.0cm\"><span style=\"font-size:12.0pt\">Personel\n  giderleri deste\u011fi<o:p><\/o:p><\/span><\/p>\n  <\/td>\n <\/tr>\n <tr>\n  <td width=\"302\" style=\"width: 8cm; border-right-width: 1pt; border-bottom-width: 1pt; border-left-width: 1pt; border-right-color: windowtext; border-bottom-color: windowtext; border-left-color: windowtext; border-top: none; padding: 2.85pt 4.25pt;\">\n  <p class=\"MsoNormal\" style=\"margin-bottom:0cm;margin-bottom:.0001pt;text-align:\n  justify;line-height:normal;tab-stops:2.0cm\"><span style=\"font-size:12.0pt\">E\u011fitim,\n  dan\u0131\u015fmanl\u0131k, organizasyon ve tan\u0131t\u0131m giderleri deste\u011fi<o:p><\/o:p><\/span><\/p>\n  <\/td>\n <\/tr>\n <tr>\n  <td width=\"576\" colspan=\"3\" style=\"width: 432.3pt; border-right-width: 1pt; border-bottom-width: 1pt; border-left-width: 1pt; border-right-color: windowtext; border-bottom-color: windowtext; border-left-color: windowtext; border-top: none; padding: 2.85pt 4.25pt;\">\n  <p class=\"MsoNormal\" style=\"margin-bottom:0cm;margin-bottom:.0001pt;text-align:\n  justify;line-height:normal;tab-stops:2.0cm\"><em><span style=\"font-size: 10pt; font-family: Calibri, sans-serif; background-image: initial; background-position: initial; background-size: initial; background-repeat: initial; background-attachment: initial; background-origin: initial; background-clip: initial;\">(*) Projeye\n  konu sat\u0131n al\u0131nacak makine, te\u00e7hizat ve yaz\u0131l\u0131m\u0131n yerli mal\u0131 olmas\u0131\n  durumunda, destek oran\u0131na %15 ilave edilir.<\/span><\/em><b><span style=\"font-size:10.0pt\"><o:p><\/o:p><\/span><\/b><\/p>\n  <\/td>\n <\/tr>\n <tr>\n  <td width=\"576\" colspan=\"3\" style=\"width: 432.3pt; border-right-width: 1pt; border-bottom-width: 1pt; border-left-width: 1pt; border-right-color: windowtext; border-bottom-color: windowtext; border-left-color: windowtext; border-top: none; padding: 2.85pt 4.25pt;\">\n  <p class=\"MsoNormal\" style=\"margin-bottom:0cm;margin-bottom:.0001pt;text-align:\n  justify;line-height:normal;tab-stops:2.0cm\"><em><span style=\"font-size:10.0pt;\n  font-family:&quot;Calibri&quot;,sans-serif;mso-ascii-theme-font:minor-latin;mso-hansi-theme-font:\n  minor-latin;mso-bidi-font-family:&quot;Open Sans&quot;;background:white\">(**)\n  \u0130\u015fliklerde %70 doluluk oran\u0131 ve 200 m<sup>2&nbsp;<\/sup>ek alan g\u00f6sterilmesi\n  durumunda tabloda yer alan d\u00f6rt gider grubundan biri\/birden fazlas\u0131 i\u00e7in<\/span><\/em><b><span style=\"font-size:10.0pt\"><o:p><\/o:p><\/span><\/b><\/p>\n  <\/td>\n <\/tr>\n<\/tbody><\/table>\t\t\t\t\t\t<\/div>\n\t\t\t\t<\/div>\n\t\t\t\t\t<\/div>\n\t\t<\/div>\n\t\t\t\t\t\t\t<\/div>\n\t\t<\/section>\n\t\t\t\t\t\t\t<\/div>\n\t\t","protected":false},"excerpt":{"rendered":"<p>TEKMER Destek Program\u0131 Bu destek program\u0131n\u0131n amac\u0131, giri\u015fimcilik ekosisteminde yer alan akt\u00f6rler aras\u0131 i\u015fbirli\u011fi ile ulusal plan ve programlar do\u011frultusunda Ar-Ge, inovasyon ve teknolojik giri\u015fimcilik alan\u0131ndaki i\u015fletmelerin kurulmas\u0131n\u0131 ve s\u00fcrd\u00fcr\u00fclebilir olmalar\u0131n\u0131 sa\u011flamak i\u00e7in \u00f6n ink\u00fcbasyon, ink\u00fcbasyon ve ink\u00fcbasyon sonras\u0131 hizmetleri sunacak yap\u0131lar\u0131n kurulmas\u0131 ve i\u015fletilmesini sa\u011flamakt\u0131r. Program kapsam\u0131nda, 5 y\u0131ll\u0131k s\u00fcre boyunca 6.000.000TL\u2019ye kadar, Kapasite [&hellip;]<\/p>\n","protected":false},"author":1,"featured_media":0,"parent":0,"menu_order":0,"comment_status":"closed","ping_status":"closed","template":"elementor_header_footer","meta":[],"_links":{"self":[{"href":"https:\/\/arpdestek.com\/index.php\/wp-json\/wp\/v2\/pages\/833"}],"collection":[{"href":"https:\/\/arpdestek.com\/index.php\/wp-json\/wp\/v2\/pages"}],"about":[{"href":"https:\/\/arpdestek.com\/index.php\/wp-json\/wp\/v2\/types\/page"}],"author":[{"embeddable":true,"href":"https:\/\/arpdestek.com\/index.php\/wp-json\/wp\/v2\/users\/1"}],"replies":[{"embeddable":true,"href":"https:\/\/arpdestek.com\/index.php\/wp-json\/wp\/v2\/comments?post=833"}],"version-history":[{"count":4,"href":"https:\/\/arpdestek.com\/index.php\/wp-json\/wp\/v2\/pages\/833\/revisions"}],"predecessor-version":[{"id":837,"href":"https:\/\/arpdestek.com\/index.php\/wp-json\/wp\/v2\/pages\/833\/revisions\/837"}],"wp:attachment":[{"href":"https:\/\/arpdestek.com\/index.php\/wp-json\/wp\/v2\/media?parent=833"}],"curies":[{"name":"wp","href":"https:\/\/api.w.org\/{rel}","templated":true}]}}